create database Nauka_ZSE_2024 DEFAULT CHARACTER SET utf8 COLLATE utf8_polish_ci;
use Nauka_ZSE_2024;
CREATE TABLE Nauczyciele
(
	Id_n tinyint primary key,
	Imie varchar(15),
	Nazwisko varchar(20),
	Data_ur date,
	Miasto varchar(15),
	Stanowisko varchar(15)
);
CREATE TABLE Klasy
(
	Id_k tinyint primary key,
	Nazwa varchar(15),
	Id_n tinyint,
	unique (Id_n),
	foreign key (Id_n) references Nauczyciele (Id_n)
);
CREATE TABLE Zachowanie
(
	Id_z tinyint primary key,
	Ocena varchar(15)
);

CREATE TABLE Uczniowie
(
	Id_u int primary key,
	Nazwisko varchar(20),
	Imie varchar(11),
	Srednia float,
	Data_ur date,
	Miasto varchar(15),
	Id_k tinyint,
	foreign key (Id_k) references Klasy (Id_k),
	Id_z tinyint,
	foreign key (Id_z) references Zachowanie (Id_z),
	Grupa tinyint
);
CREATE TABLE Kwalifikacje
(
	Id_kw tinyint primary key,
	Kod varchar(10),
	Nazwa varchar(160)
);
CREATE TABLE Przedmioty
(
	Id_p tinyint primary key,
	Nazwa varchar(150),
	Id_kw tinyint,
	foreign key (Id_kw) references Kwalifikacje (Id_kw)
);
CREATE TABLE Nauczanie
(
	Id_nau smallint primary key auto_increment,
	Id_p tinyint,
	foreign key (Id_p) references Przedmioty (Id_p),
	Id_n tinyint,
	foreign key (Id_n) references Nauczyciele (Id_n),
	Id_k tinyint,
	foreign key (Id_k) references Klasy (Id_k)
);

INSERT INTO Nauczyciele (Id_n,Imie,Nazwisko,Data_ur,Miasto,Stanowisko) VALUES
 (1, 'Izabela', 'Adamczewska', '1959-06-07', 'Karsznice', 'nauczyciel'),
 (2, 'Rafał', 'Barton', '1977-08-25', 'Sieradz', 'nauczyciel'),
 (3, 'Tomasz', 'Bator', '1957-12-18', 'Dobroń', 'nauczyciel'),
 (4, 'Jolanta', 'Bednarek', '1964-12-29', 'Sieradz', 'nauczyciel'),
 (5, 'Marta', 'Betlejewska', '1982-09-07', 'Wojsławice', 'nauczyciel'),
 (6, 'Katarzyna', 'Bracha', '1992-08-28', 'Dobroń', 'nauczyciel'),
 (7, 'Marcin', 'Bracha', '1979-07-04', 'Dobroń', 'nauczyciel'),
 (8, 'Kacper', 'Bryl', '1958-08-12', 'Dobroń', 'nauczyciel'),
 (9, 'Sylwia', 'Chojnacka', '1960-10-27', 'Wojsławice', 'nauczyciel'),
 (10, 'Alicja', 'Ciapa', '1975-01-08', 'Zduńska Wola', 'nauczyciel'),
 (11, 'Krzysztof', 'Ciesielski', '1957-01-29', 'Sieradz', 'nauczyciel'),
 (12, 'Monika', 'Deka', '1981-06-14', 'Łask', 'nauczyciel'),
 (13, 'Bogdan', 'Domagała', '1955-09-15', 'Zduńska Wola', 'nauczyciel'),
 (14, 'Romuald', 'Dyja', '1987-09-06', 'Czechy', 'nauczyciel'),
 (15, 'Aleksandra', 'Glinkowska', '1980-07-20', 'Zduńska Wola', 'nauczyciel'),
 (16, 'Eugeniusz', 'Hałapup', '1963-06-22', 'Zduńska Wola', 'nauczyciel'),
 (17, 'Anna', 'Hille', '1988-07-12', 'Dobroń', 'nauczyciel'),
 (18, 'Krzysztof', 'Janiak', '1994-09-26', 'Szadek', 'nauczyciel'),
 (19, 'Magdalena', 'Jaworska', '1973-12-03', 'Karsznice', 'nauczyciel'),
 (20, 'Barbara', 'Jurzyk', '1980-12-30', 'Karsznice', 'nauczyciel'),
 (21, 'Kama', 'Kaczmarek', '1978-09-09', 'Sieradz', 'nauczyciel'),
 (22, 'Katarzyna', 'Kaczorowska', '1988-09-20', 'Szadek', 'nauczyciel'),
 (23, 'Krzysztof', 'Kembłowski', '1965-09-04', 'Dobroń', 'nauczyciel'),
 (24, 'Sylwia', 'Klimkiewicz', '1965-11-10', 'Zduńska Wola', 'nauczyciel'),
 (25, 'Zbigniew', 'Kluczkowski', '1963-02-21', 'Sieradz', 'nauczyciel'),
 (26, 'Kamil', 'Kowalski', '1965-01-22', 'Dobroń', 'kierowniksp'),
 (27, 'Paweł', 'Kowalski', '1975-11-26', 'Dobroń', 'nauczyciel'),
 (28, 'Justyna', 'Kunkel', '1980-08-17', 'Czechy', 'dyrektor'),
 (29, 'Marcin', 'Lewandowski', '1978-05-08', 'Czechy', 'nauczyciel'),
 (30, 'Barbara', 'Markiewicz', '1976-08-17', 'Zduńska Wola', 'nauczyciel'),
 (31, 'Agata', 'Michnik', '1989-06-24', 'Dobroń', 'nauczyciel'),
 (32, 'Zdzisław', 'Olejnik', '1993-04-24', 'Dobroń', 'nauczyciel'),
 (33, 'Robert', 'Pacholak', '1988-08-31', 'Zduńska Wola', 'nauczyciel'),
 (34, 'Krzysztof', 'Papierski', '1993-11-15', 'Karsznice', 'nauczyciel'),
 (35, 'Stefania', 'Pawłowska', '1962-02-27', 'Czechy', 'nauczyciel'),
 (36, 'Magda', 'Piecuch', '1970-04-05', 'Łask', 'nauczyciel'),
 (37, 'Zbigniew', 'Rudecki', '1971-09-10', 'Dobroń', 'nauczyciel'),
 (38, 'Sławomir', 'Salamon', '1955-12-10', 'Łask', 'nauczyciel'),
 (39, 'Izabela', 'Sikorska-Bajur', '1964-04-27', 'Łask', 'nauczyciel'),
 (40, 'Karolina', 'Sikorska', '1975-08-14', 'Zduńska Wola', 'nauczyciel'),
 (41, 'Jakub', 'Siniarski', '1975-04-29', 'Wojsławice', 'nauczyciel'),
 (42, 'Karol', 'Skrobicki', '1990-01-18', 'Szadek', 'nauczyciel'),
 (43, 'Krzysztof', 'Smolnik', '1976-04-22', 'Wojsławice', 'nauczyciel'),
 (44, 'Kamila', 'Student', '1978-04-02', 'Karsznice', 'nauczyciel'),
 (45, 'Katarzyna', 'Szewczyk', '1994-08-28', 'Szadek', 'nauczyciel'),
 (46, 'Sławomir', 'Szewczyk', '1989-12-25', 'Wojsławice', 'wicedyrektor'),
 (47, 'Ewa', 'Szews', '1976-08-07', 'Dobroń', 'nauczyciel'),
 (48, 'Lidia', 'Szymczak', '1976-02-07', 'Karsznice', 'nauczyciel'),
 (49, 'Agnieszka', 'Ślęzak', '1959-02-10', 'Wojsławice', 'nauczyciel'),
 (50, 'Anna', 'Tąpolska', '1977-12-07', 'Wojsławice', 'nauczyciel'),
 (51, 'Michał', 'Tomczyk', '1987-10-18', 'Karsznice', 'nauczyciel'),
 (52, 'Anna', 'Witczyk', '1955-08-11', 'Czechy', 'nauczyciel'),
 (53, 'Remigiusz', 'Witkowski', '1990-01-12', 'Zduńska Wola', 'nauczyciel'),
 (54, 'Piotr', 'Woźniak', '1957-05-29', 'Sieradz', 'nauczyciel'),
 (55, 'Małgorzata', 'Woźnicka', '1987-04-25', 'Wojsławice', 'nauczyciel'),
 (56, 'Izabela', 'Wyszomierska', '1991-01-05', 'Wojsławice', 'nauczyciel'),
 (57, 'Anna', 'Zaborowska', '1992-08-27', 'Czechy', 'nauczyciel'),
 (58, 'Iwona', 'Michalak', '1963-11-05', 'Dobroń', 'administracja'),
 (59, 'Ewelina', 'Zaleska', '1960-05-30', 'Dobroń', 'administracja'),
 (60, 'Anna', 'Kardacka', '1964-02-20', 'Wojsławice', 'administracja'),
 (61, 'Paulina', 'Kubaczyńska', '1988-05-16', 'Dobroń', 'administracja'),
 (62, 'Henryk', 'Hebel', '1969-08-15', 'Zduńska Wola', 'obsługa'),
 (63, 'Sławomir', 'Wawrzyniak', '1971-05-14', 'Łask', 'obsługa'),
 (64, 'Elżbieta', 'Cyrul', '1969-12-19', 'Dobroń', 'obsługa'),
 (65, 'Aldona', 'Garbala', '1959-11-17', 'Zduńska Wola', 'obsługa'),
 (66, 'Aneta', 'Kamola', '1961-09-07', 'Łask', 'obsługa'),
 (67, 'Olha', 'Navrotska', '1982-02-08', 'Zduńska Wola', 'obsługa'),
 (68, 'Małgorzata', 'Toboła', '1986-02-21', 'Dobroń', 'obsługa'),
 (69, 'Iwona', 'Ślusarczyk', '1988-04-15', 'Szadek', 'pielęgniarka');
INSERT INTO zachowanie values (1,'naganne'),(2,'nieodpowiednie'),(3,'poprawne'),(4,'dobre'),(5, 'bardzo dobre'),(6,'wzorowe'); 

INSERT INTO Klasy(Id_k,Nazwa, Id_n) Values 
(1, '1ATP', 30), (2, '1BTP', 44), (3, '1TA', 35), (4, '1TGE', 19), (5, '1TI', 59),
(6, '2ATI', 37), (7, '2BTI', 9), (8, '2TA', 8), (9, '2TG', 15), (10, '2TP', 20),
(11, '2TPE', 22), (12, '3ATP', 56), (13, '3BTP', 2), (14, '3TAI', 3), (15, '3TE', 38),
(16, '3TI', 54), (17, '4TEI', 36), (18, '4TI', 39), (19, '4TP', 57), (20, '5API', 52),
(21, '5BPI', 33), (22, '5CPI', 7), (23, '5PEA', 49);

INSERT INTO uczniowie (Id_u, Nazwisko, Imie, Srednia, Data_ur, Miasto, Id_k, Id_z, Grupa) VALUES
(1, 'Adamkiewicz', 'Oskar', 3.36, '2008-04-26', 'Karsznice', 1, 1, 1),
(2, 'Angiel', 'Mateusz', 3.59, '2008-12-05', 'Sieradz', 1, 2, 1),
(3, 'Cieślak', 'Mateusz', 1.69, '2008-11-08', 'Dobroń', 1, 5, 2),
(4, 'Czachorowski', 'Igor', 1.27, '2008-05-29', 'Sieradz', 1, 1, 2),
(5, 'Domagała', 'Kacper', 3.53, '2008-02-02', 'Wojsławice', 1, 1, 2),
(6, 'Felcenloben', 'Seweryn', 3.7, '2008-02-18', 'Dobroń', 1, 4, 2),
(7, 'Frądczak', 'Mateusz', 4.75, '2008-03-27', 'Dobroń', 1, 1, 2),
(8, 'Glinkowski', 'Michał', 5.42, '2008-07-31', 'Dobroń', 1, 4, 1),
(9, 'Głyda', 'Patryk', 3.33, '2008-12-02', 'Wojsławice', 1, 6, 2),
(10, 'Hochman', 'Mateusz', 3.86, '2008-04-15', 'Zduńska Wola', 1, 5, 2),
(11, 'Jaśkiewicz', 'Szymon', 1.79, '2008-05-18', 'Sieradz', 1, 5, 2),
(12, 'Keller', 'Adam', 4.34, '2008-05-20', 'Łask', 1, 5, 2),
(13, 'Kęsik', 'Marcel', 1.37, '2008-04-19', 'Zduńska Wola', 1, 1, 1),
(14, 'Krysiak', 'Stanisław', 5.16, '2008-06-17', 'Czechy', 1, 2, 2),
(15, 'Kubiak', 'Adrian', 2.38, '2008-09-30', 'Zduńska Wola', 1, 1, 2),
(16, 'Kuras', 'Łukasz', 1.44, '2008-07-30', 'Zduńska Wola', 1, 4, 1),
(17, 'Laczkowski', 'Hubert', 5.57, '2008-09-13', 'Dobroń', 1, 5, 1),
(18, 'Lepla', 'Damian', 1.15, '2008-11-27', 'Szadek', 1, 3, 2),
(19, 'Lider', 'Marcin', 5.07, '2008-02-15', 'Karsznice', 1, 2, 2),
(20, 'Malinowski', 'Mateusz', 3.39, '2008-10-06', 'Karsznice', 1, 6, 1),
(21, 'Mylkie', 'Jakub', 5.98, '2008-09-12', 'Sieradz', 1, 3, 1),
(22, 'Owczarek', 'Jakub', 3.03, '2008-06-06', 'Szadek', 1, 2, 2),
(23, 'Pabisiak', 'Wiktoria', 4.47, '2008-07-17', 'Dobroń', 1, 4, 1),
(24, 'Pawlak', 'Kamil', 2.2, '2008-10-22', 'Zduńska Wola', 1, 3, 1),
(25, 'Pędzik', 'Bartłomiej', 3.56, '2008-10-14', 'Sieradz', 1, 4, 2),
(26, 'Sinkiewicz', 'Piotr', 3.93, '2008-05-07', 'Dobroń', 1, 6, 2),
(27, 'Stoczkiewicz', 'Igor', 3.14, '2008-04-25', 'Dobroń', 1, 5, 1),
(28, 'Szargała', 'Piotr', 1.86, '2008-12-26', 'Czechy', 1, 4, 1),
(29, 'Szewczyk', 'Adrianna', 1.77, '2008-03-22', 'Czechy', 1, 3, 2),
(30, 'Śpikowski', 'Szymon', 2.95, '2008-12-08', 'Zduńska Wola', 1, 6, 2),
(31, 'Tomczyk', 'Hubert', 5.65, '2008-06-27', 'Dobroń', 1, 2, 1),
(32, 'Wawrzyniak', 'Jakub', 1.41, '2008-05-04', 'Dobroń', 1, 3, 1),
(33, 'Witusik', 'Maciej', 2.88, '2008-02-22', 'Zduńska Wola', 1, 6, 2),
(34, 'Wojtalak', 'Paulina', 3.35, '2008-03-15', 'Karsznice', 1, 3, 2),
(35, 'Wojtyra', 'Wiktor', 2.9, '2008-07-13', 'Czechy', 1, 6, 2),
(36, 'Wypiór', 'Paweł', 1.49, '2008-06-25', 'Łask', 1, 4, 1),
(37, 'Bartsch', 'Arkadiusz', 1.05, '2008-02-27', 'Dobroń', 2, 3, 2),
(38, 'Bednarski', 'Michał', 2.65, '2008-11-24', 'Łask', 2, 1, 1),
(39, 'Bejmert', 'Maksymilian', 5.33, '2008-03-15', 'Łask', 2, 1, 1),
(40, 'Biały', 'Jarosław', 3.87, '2008-11-01', 'Zduńska Wola', 2, 2, 2),
(41, 'Bochen', 'Filip', 4.71, '2008-12-23', 'Wojsławice', 2, 3, 1),
(42, 'Brzeziński', 'Krzysztof', 1.68, '2008-08-18', 'Szadek', 2, 1, 2),
(43, 'Cieślak', 'Jakub', 4.46, '2008-03-19', 'Wojsławice', 2, 1, 2),
(44, 'Frątczak', 'Jakub', 1.4, '2008-12-27', 'Karsznice', 2, 6, 1),
(45, 'Gałązka', 'Łukasz', 2.33, '2008-06-02', 'Szadek', 2, 3, 1),
(46, 'Gołębiowski', 'Magdalena', 1.35, '2008-02-10', 'Wojsławice', 2, 2, 2),
(47, 'Hofman', 'Oliwier', 5.36, '2008-09-17', 'Dobroń', 2, 4, 2),
(48, 'Horban', 'Dawid', 4.38, '2008-09-20', 'Karsznice', 2, 3, 2),
(49, 'Ignaczak', 'Michał', 4.15, '2008-01-22', 'Wojsławice', 2, 6, 1),
(50, 'Jabłoński', 'Jakub', 1.17, '2008-10-02', 'Wojsławice', 2, 5, 1),
(51, 'Kacała', 'Kamil', 3.5, '2008-12-23', 'Karsznice', 2, 5, 1),
(52, 'Kaczmarek', 'Szymon', 3.71, '2008-05-13', 'Czechy', 2, 4, 1),
(53, 'Kaczorowski', 'Kacper', 1.98, '2008-06-08', 'Zduńska Wola', 2, 4, 2),
(54, 'Kertesz', 'Maciej', 5.05, '2008-09-20', 'Sieradz', 2, 4, 2),
(55, 'Klimczak', 'Mateusz', 4.04, '2008-12-27', 'Wojsławice', 2, 5, 2),
(56, 'Kopacki', 'Aleksander', 1.1, '2008-06-20', 'Wojsławice', 2, 1, 2),
(57, 'Kosecki', 'Paweł', 5.75, '2008-04-28', 'Czechy', 2, 6, 1),
(58, 'Kubiak', 'Piotr', 5.7, '2008-02-03', 'Dobroń', 2, 1, 1),
(59, 'Kuligowski', 'Maciej', 2.35, '2008-10-19', 'Dobroń', 2, 6, 1),
(60, 'Latusz', 'Andrzej', 2.51, '2008-11-08', 'Wojsławice', 2, 3, 2),
(61, 'Lewandowski', 'Kacper', 1.76, '2008-02-24', 'Dobroń', 2, 2, 2),
(62, 'Lider', 'Kacper', 3.01, '2008-04-30', 'Zduńska Wola', 2, 2, 2),
(63, 'Malinowski', 'Jakub', 4.45, '2008-09-30', 'Łask', 2, 5, 2),
(64, 'Murawa', 'Szymon', 2.84, '2008-10-12', 'Dobroń', 2, 4, 2),
(65, 'Pietrzak', 'Szymon', 3.88, '2008-12-14', 'Zduńska Wola', 2, 3, 1),
(66, 'Piskuła', 'Błażej', 3.69, '2008-12-21', 'Łask', 2, 2, 2),
(67, 'Pytka', 'Maciej', 4.8, '2008-02-05', 'Zduńska Wola', 2, 6, 1),
(68, 'Sadowski', 'Maksymilian', 5.42, '2008-03-04', 'Dobroń', 2, 5, 1),
(69, 'Sobczak', 'Adam', 4.25, '2008-11-02', 'Szadek', 2, 4, 2),
(70, 'Stefaniak', 'Hubert', 1.41, '2008-01-23', 'Karsznice', 2, 5, 1),
(71, 'Suchanek', 'Maciej', 5.06, '2008-03-17', 'Sieradz', 2, 3, 2),
(72, 'Szafrański', 'Szymon', 2.63, '2008-10-24', 'Dobroń', 2, 2, 2),
(73, 'Badziak', 'Kacper', 2.52, '2008-08-13', 'Sieradz', 3, 4, 2),
(74, 'Barczyński', 'Jan', 2.7, '2008-10-02', 'Wojsławice', 3, 2, 2),
(75, 'Błaszczyk', 'Szymon', 5.96, '2008-12-09', 'Dobroń', 3, 2, 1),
(76, 'Bruzik', 'Krzysztof', 3.15, '2008-09-22', 'Dobroń', 3, 6, 2),
(77, 'Budka', 'Adam', 1.57, '2008-08-05', 'Dobroń', 3, 6, 2),
(78, 'Chudowski', 'Kacper', 1.93, '2008-05-03', 'Wojsławice', 3, 3, 2),
(79, 'Drećka', 'Antoni', 4.12, '2008-03-24', 'Zduńska Wola', 3, 4, 1),
(80, 'Duszyński', 'Mikołaj', 3.71, '2008-09-19', 'Sieradz', 3, 3, 1),
(81, 'Fidler', 'Antoni', 5.28, '2008-07-29', 'Łask', 3, 1, 2),
(82, 'Iwanowski', 'Wojciech', 5.7, '2008-12-20', 'Zduńska Wola', 3, 6, 2),
(83, 'Jarosławski', 'Krystian', 1.28, '2008-06-20', 'Czechy', 3, 5, 2),
(84, 'Jaworski', 'Aneta', 4.07, '2008-03-03', 'Zduńska Wola', 3, 5, 2),
(85, 'Klemczak', 'Damian', 1.51, '2008-08-11', 'Zduńska Wola', 3, 1, 1),
(86, 'Kłak', 'Artur', 3.94, '2008-07-02', 'Dobroń', 3, 3, 2),
(87, 'Kosmala', 'Mikołaj', 2.07, '2008-04-24', 'Szadek', 3, 2, 2),
(88, 'Michałowski', 'Jakub', 3.22, '2008-07-21', 'Karsznice', 3, 2, 1),
(89, 'Miller', 'Michał', 4.54, '2008-05-15', 'Karsznice', 3, 4, 2),
(90, 'Neumann', 'Mateusz', 4.52, '2008-07-18', 'Sieradz', 3, 2, 2),
(91, 'Ochencki', 'Jakub', 1.8, '2008-05-05', 'Szadek', 3, 2, 2),
(92, 'Ochęcki', 'Adam', 2.38, '2008-10-12', 'Dobroń', 3, 1, 2),
(93, 'Piekarski', 'Adrian', 3.3, '2008-05-14', 'Zduńska Wola', 3, 5, 1),
(94, 'Rutkowski', 'Paweł', 3.31, '2008-08-09', 'Sieradz', 3, 1, 1),
(95, 'Sierański', 'Bartosz', 3.07, '2008-02-18', 'Dobroń', 3, 4, 1),
(96, 'Sójka', 'Bartosz', 5.82, '2008-06-25', 'Dobroń', 3, 5, 1),
(97, 'Staniucha', 'Antoni', 2.46, '2008-08-11', 'Czechy', 3, 4, 1),
(98, 'Szafrański', 'Nikodem', 2.5, '2008-11-18', 'Czechy', 3, 3, 1),
(99, 'Szczepański', 'Szymon', 5.2, '2008-12-13', 'Zduńska Wola', 3, 6, 2),
(100, 'Szymczak', 'Borys', 1.28, '2008-09-01', 'Dobroń', 3, 1, 2),
(101, 'Tkacz', 'Kacper', 2.24, '2008-01-01', 'Dobroń', 3, 6, 2),
(102, 'Tomczak', 'Mateusz', 2.09, '2008-05-08', 'Zduńska Wola', 3, 2, 1),
(103, 'Wardęga', 'Wiktor', 3.86, '2008-02-01', 'Karsznice', 3, 6, 2),
(104, 'Wilgocki', 'Jakub', 3.98, '2008-12-11', 'Czechy', 3, 3, 1),
(105, 'Wojciechowski', 'Jakub', 5.83, '2008-07-01', 'Łask', 3, 3, 1),
(106, 'Woszczalski', 'Kacper', 4.9, '2008-02-12', 'Dobroń', 3, 4, 1),
(107, 'Zakłos', 'Kacper', 4.31, '2008-08-14', 'Łask', 3, 1, 2),
(108, 'Zalewski', 'Łukasz', 5.01, '2008-06-25', 'Łask', 3, 6, 2),
(109, 'Begiert', 'Roksana', 2.64, '2008-03-03', 'Zduńska Wola', 4, 2, 2),
(110, 'Bilant', 'Dawid', 1.03, '2008-10-02', 'Wojsławice', 4, 5, 1),
(111, 'Borkiewicz', 'Mateusz', 2.1, '2008-10-09', 'Szadek', 4, 2, 2),
(112, 'Chrzanowska', 'Jakub', 5.12, '2008-02-21', 'Wojsławice', 4, 1, 1),
(113, 'Fikus', 'Wiktor', 4.83, '2008-01-01', 'Karsznice', 4, 5, 1),
(114, 'Frątczak', 'Wiktor', 1.09, '2008-07-16', 'Szadek', 4, 2, 2),
(115, 'Gil', 'Mateusz', 5.36, '2008-08-15', 'Wojsławice', 4, 5, 2),
(116, 'Jakubczak', 'Mateusz', 2.46, '2008-10-21', 'Dobroń', 4, 6, 1),
(117, 'Jankowska - Georgiev', 'Szymon', 2.35, '2008-07-20', 'Karsznice', 4, 4, 2),
(118, 'Jonczyk', 'Kacper', 1.01, '2008-07-04', 'Wojsławice', 4, 3, 2),
(119, 'Kaczorowska', 'Oscar', 1.57, '2008-11-13', 'Wojsławice', 4, 4, 2),
(120, 'Kawałowski', 'Paweł', 1.35, '2008-05-30', 'Karsznice', 4, 4, 2),
(121, 'Kopciuch', 'Szymon', 3.66, '2008-06-16', 'Czechy', 4, 5, 2),
(122, 'Kosakowski', 'Eryk', 1.15, '2008-09-01', 'Zduńska Wola', 4, 6, 2),
(123, 'Kozakowski', 'Kamil', 4.54, '2008-07-24', 'Sieradz', 4, 2, 2),
(124, 'Kozlowski', 'Przemysław', 4.22, '2008-05-07', 'Wojsławice', 4, 5, 2),
(125, 'Krajda', 'Jerzy', 5.67, '2008-04-13', 'Wojsławice', 4, 3, 1),
(126, 'Krajewski', 'Wojciech', 2.76, '2008-12-18', 'Czechy', 4, 6, 2),
(127, 'Łuczak', 'Bartosz', 2.14, '2008-06-01', 'Dobroń', 4, 6, 2),
(128, 'Michałowska', 'Sebastian', 1.2, '2008-05-13', 'Dobroń', 4, 5, 1),
(129, 'Mielczarek', 'Wiktor', 2.63, '2008-04-11', 'Wojsławice', 4, 1, 2),
(130, 'Mikołajczyk', 'Maciej', 1.46, '2008-10-12', 'Dobroń', 4, 4, 1),
(131, 'Napieralski', 'Mateusz', 1.09, '2008-05-24', 'Zduńska Wola', 4, 3, 1),
(132, 'Nawrocki', 'Kacper', 3.49, '2008-01-11', 'Łask', 4, 3, 2),
(133, 'Papuzińska', 'Sebastian', 3.78, '2008-11-29', 'Dobroń', 4, 4, 2),
(134, 'Piotrowicz', 'Jacek', 5.55, '2008-03-13', 'Zduńska Wola', 4, 5, 2),
(135, 'Shostak', 'Dorian', 4.9, '2008-08-24', 'Łask', 4, 6, 1),
(136, 'Sinkiewicz', 'Adam', 4, '2008-07-15', 'Zduńska Wola', 4, 5, 2),
(137, 'Stasiak', 'Łukasz', 2.17, '2008-09-26', 'Dobroń', 4, 3, 1),
(138, 'Stawski', 'Mateusz', 2.29, '2008-06-30', 'Szadek', 4, 3, 2),
(139, 'Szanda', 'Kajetan', 2.16, '2008-03-06', 'Karsznice', 4, 1, 1),
(140, 'Szewczyk', 'Jakub', 4.56, '2008-05-15', 'Sieradz', 4, 1, 2),
(141, 'Szewczyk', 'Jakub', 5.87, '2008-02-19', 'Dobroń', 4, 3, 2),
(142, 'Wojtas', 'Kacper', 5.2, '2008-07-20', 'Sieradz', 4, 5, 2),
(143, 'Woszczalski', 'Mateusz', 3.58, '2008-06-15', 'Wojsławice', 4, 1, 2),
(144, 'Woźniak', 'Karol', 5.54, '2008-05-14', 'Dobroń', 4, 3, 2),
(145, 'Wrąbel', 'Wiktor', 2.82, '2008-04-27', 'Dobroń', 4, 5, 2),
(146, 'Antosiak', 'Wiktor', 3.03, '2008-07-04', 'Dobroń', 5, 3, 1),
(147, 'Brzozowski', 'Brajan', 4.04, '2008-11-07', 'Wojsławice', 5, 2, 1),
(148, 'Chmielewski', 'Michał', 3.67, '2008-11-20', 'Zduńska Wola', 5, 3, 1),
(149, 'Chodak', 'Hubert', 3.02, '2008-05-07', 'Sieradz', 5, 5, 1),
(150, 'Filipczak', 'Michał', 3.72, '2008-05-02', 'Łask', 5, 6, 2),
(151, 'Gołębiewski', 'Faustyna', 5.9, '2008-02-17', 'Zduńska Wola', 5, 1, 1),
(152, 'Grabarczyk', 'Jan', 2.28, '2008-08-28', 'Czechy', 5, 6, 1),
(153, 'Jarosławski', 'Szymon', 1.46, '2008-05-01', 'Zduńska Wola', 5, 4, 1),
(154, 'Jóźwiak', 'Kacper', 2.73, '2008-07-31', 'Zduńska Wola', 5, 6, 2),
(155, 'Karasiński', 'Bartłomiej', 2.2, '2008-02-10', 'Dobroń', 5, 5, 2),
(156, 'Konopa', 'Michał', 5.4, '2008-05-30', 'Szadek', 5, 3, 1),
(157, 'Koreniak', 'Jakub', 4.4, '2008-11-12', 'Karsznice', 5, 5, 1),
(158, 'Kowalczyk', 'Patrycja', 4.74, '2008-02-17', 'Karsznice', 5, 2, 1),
(159, 'Kozłowski', 'Patryk', 2.63, '2008-08-04', 'Sieradz', 5, 2, 1),
(160, 'Kuchnicki', 'Marcel', 1.83, '2008-02-08', 'Szadek', 5, 1, 1),
(161, 'Kusman', 'Kacper', 2, '2008-05-28', 'Dobroń', 5, 1, 1),
(162, 'Laurysiewicz', 'Mikołaj', 5.26, '2008-02-13', 'Zduńska Wola', 5, 2, 1),
(163, 'Lider', 'Konrad', 2.7, '2008-04-25', 'Sieradz', 5, 1, 2),
(164, 'Marcinkowski', 'Wojciech', 3.79, '2008-06-29', 'Dobroń', 5, 3, 1),
(165, 'Mazurkiewicz', 'Michał', 3.08, '2008-01-03', 'Dobroń', 5, 4, 2),
(166, 'Nyszak', 'Jakub', 5.81, '2008-12-05', 'Czechy', 5, 6, 1),
(167, 'Pawlak', 'Michał', 5.67, '2008-02-27', 'Czechy', 5, 4, 1),
(168, 'Pawliczak', 'Mateusz', 2.2, '2008-06-16', 'Zduńska Wola', 5, 1, 2),
(169, 'Pierzakowski', 'Kacper', 1.88, '2008-02-12', 'Dobroń', 5, 1, 1),
(170, 'Pięta', 'Jakub', 5.25, '2008-12-29', 'Dobroń', 5, 4, 2),
(171, 'Rajski', 'Oskar', 4.51, '2008-06-16', 'Zduńska Wola', 5, 1, 1),
(172, 'Rybak', 'Dawid', 2.78, '2008-02-13', 'Karsznice', 5, 6, 1),
(173, 'Sadowski', 'Konrad', 3.23, '2008-09-05', 'Czechy', 5, 3, 1),
(174, 'Sobolewski', 'Oliwier', 5.61, '2008-10-02', 'Łask', 5, 3, 1),
(175, 'Sowała', 'Piotr', 1.92, '2008-09-06', 'Dobroń', 5, 5, 1),
(176, 'Stępnik', 'Oliwier', 5.69, '2008-01-25', 'Łask', 5, 2, 1),
(177, 'Surowy', 'Szymon', 5.65, '2008-06-03', 'Łask', 5, 2, 2),
(178, 'Szewczyk', 'Tomasz', 3.38, '2008-04-20', 'Zduńska Wola', 5, 3, 2),
(179, 'Ulatowski', 'Kajetan', 4.14, '2008-02-20', 'Wojsławice', 5, 1, 1),
(180, 'Urbaniak', 'Kamil', 5.08, '2008-09-03', 'Szadek', 5, 5, 2),
(181, 'Walaszek', 'Adam', 4.25, '2008-06-06', 'Wojsławice', 5, 4, 2),
(182, 'Bednarek', 'Mateusz', 4.99, '2007-02-24', 'Karsznice', 6, 4, 2),
(183, 'Bruździak', 'Norbert', 3.06, '2007-08-13', 'Szadek', 6, 6, 1),
(184, 'Chołody', 'Michał', 3.39, '2007-11-01', 'Wojsławice', 6, 4, 1),
(185, 'Cynarski', 'Filip', 5.87, '2007-08-24', 'Dobroń', 6, 2, 1),
(186, 'Dobroń', 'Szymon', 5.28, '2007-03-12', 'Karsznice', 6, 3, 1),
(187, 'Dudek', 'Maciej', 1.88, '2007-11-04', 'Wojsławice', 6, 5, 1),
(188, 'Ejsmont', 'Bartłomiej', 2.74, '2007-11-16', 'Wojsławice', 6, 2, 1),
(189, 'Frątczak', 'Aleksander', 1.74, '2007-11-24', 'Karsznice', 6, 5, 1),
(190, 'Gaj', 'Olaf', 2.53, '2007-01-15', 'Czechy', 6, 3, 2),
(191, 'Hinz', 'Mateusz', 3.06, '2007-04-11', 'Zduńska Wola', 6, 1, 1),
(192, 'Janas', 'Marcel', 5.83, '2007-07-06', 'Sieradz', 6, 3, 1),
(193, 'Jaszczak', 'Kacper', 1.23, '2007-07-26', 'Wojsławice', 6, 5, 1),
(194, 'Kaźmierczak', 'Nikodem', 2.05, '2007-01-24', 'Wojsławice', 6, 1, 2),
(195, 'Kozakiewicz', 'Jan', 1.09, '2007-09-05', 'Czechy', 6, 3, 1),
(196, 'Kurzawa', 'Franciszek', 5.67, '2007-11-15', 'Dobroń', 6, 3, 1),
(197, 'Łazuchiewicz', 'Michał', 5.54, '2007-10-17', 'Dobroń', 6, 4, 1),
(198, 'Łyszczarz', 'Marianna', 5.66, '2007-08-14', 'Wojsławice', 6, 5, 2),
(199, 'Mielczarek', 'Norbert', 2.83, '2007-11-17', 'Dobroń', 6, 2, 2),
(200, 'Mielczarek', 'Nicola', 2.26, '2007-05-27', 'Zduńska Wola', 6, 1, 2),
(201, 'Nieborak', 'Jakub', 4.13, '2007-10-09', 'Łask', 6, 4, 2),
(202, 'Pawlak', 'Mikołaj', 1.89, '2007-01-18', 'Dobroń', 6, 5, 2),
(203, 'Peljak', 'Krzysztof', 5.08, '2007-12-08', 'Zduńska Wola', 6, 3, 1),
(204, 'Polowczyk', 'Mateusz', 3.24, '2007-06-19', 'Łask', 6, 5, 2),
(205, 'Przybylski', 'Jakub', 3.57, '2007-01-09', 'Zduńska Wola', 6, 4, 1),
(206, 'Rusek', 'Damian', 3.69, '2007-07-26', 'Dobroń', 6, 4, 1),
(207, 'Rynkiewicz', 'Julian', 1.15, '2007-08-03', 'Szadek', 6, 3, 1),
(208, 'Sobala', 'Jakub', 3.29, '2007-12-24', 'Karsznice', 6, 6, 1),
(209, 'Staniucha', 'Igor', 5.86, '2007-03-14', 'Sieradz', 6, 2, 1),
(210, 'Szewczyk', 'Julia', 2.16, '2007-06-19', 'Dobroń', 6, 2, 1),
(211, 'Tomczyk', 'Kacper', 1.28, '2007-07-17', 'Sieradz', 6, 3, 1),
(212, 'Wawrzyniak', 'Wiktor', 3.92, '2007-06-17', 'Wojsławice', 6, 3, 2),
(213, 'Żyła', 'Piotr', 2.44, '2007-09-05', 'Dobroń', 6, 5, 1),
(214, 'Barczyński', 'Kacper', 3.48, '2007-01-15', 'Dobroń', 7, 6, 2),
(215, 'Białecki', 'Mateusz', 3.21, '2007-02-12', 'Dobroń', 7, 1, 1),
(216, 'Bożek', 'Zuzanna', 5.49, '2007-09-04', 'Wojsławice', 7, 6, 2),
(217, 'Chiniewicz', 'Piotr', 1.33, '2007-12-14', 'Zduńska Wola', 7, 5, 2),
(218, 'Cymerman', 'Mateusz', 2.53, '2007-06-10', 'Sieradz', 7, 4, 1),
(219, 'Foryś', 'Klaudiusz', 2.55, '2007-05-12', 'Łask', 7, 4, 2),
(220, 'Golik', 'Maciej', 4.61, '2007-09-21', 'Zduńska Wola', 7, 3, 1),
(221, 'Grabjasz', 'Nina', 5.75, '2007-08-09', 'Czechy', 7, 2, 1),
(222, 'Gruda', 'Michał', 1.58, '2007-03-07', 'Zduńska Wola', 7, 1, 1),
(223, 'Haraszkiewicz', 'Alan', 3.63, '2007-10-16', 'Zduńska Wola', 7, 4, 1),
(224, 'Idziaszczyk', 'Karol', 3.72, '2007-06-26', 'Dobroń', 7, 3, 2),
(225, 'Kaszczyk', 'Kinga', 4.83, '2007-08-05', 'Szadek', 7, 6, 1),
(226, 'Klimkowski', 'Nikodem', 2.71, '2007-09-24', 'Karsznice', 7, 5, 2),
(227, 'Kwieciński', 'Norbert', 4.86, '2007-12-31', 'Karsznice', 7, 1, 1),
(228, 'Kwieciński', 'Kacper', 3.9, '2007-08-08', 'Sieradz', 7, 2, 2),
(229, 'Markiewicz', 'Aleksander', 3.66, '2007-08-24', 'Szadek', 7, 2, 1),
(230, 'Mazur', 'Mateusz', 5.06, '2007-05-04', 'Dobroń', 7, 3, 2),
(231, 'Naumienko', 'Jakub', 2.69, '2007-09-01', 'Zduńska Wola', 7, 2, 2),
(232, 'Owczarek', 'Patrycja', 3.65, '2007-05-05', 'Sieradz', 7, 3, 1),
(233, 'Pełka', 'Mateusz', 5.78, '2007-11-10', 'Dobroń', 7, 4, 1),
(234, 'Pietrzykowski', 'Jakub', 4.02, '2007-12-09', 'Dobroń', 7, 5, 1),
(235, 'Raczak', 'Łukasz', 5.89, '2007-02-22', 'Czechy', 7, 4, 1),
(236, 'Raj', 'Filip', 3.09, '2007-09-12', 'Czechy', 7, 5, 2),
(237, 'Ratajczyk', 'Bartłomiej', 1.48, '2007-12-10', 'Zduńska Wola', 7, 5, 2),
(238, 'Rólczak', 'Rafał', 4.26, '2007-08-12', 'Dobroń', 7, 4, 1),
(239, 'Snowarski', 'Nikodem', 1.68, '2007-02-12', 'Dobroń', 7, 6, 2),
(240, 'Szafrański', 'Kacper', 5.59, '2007-10-27', 'Zduńska Wola', 7, 3, 2),
(241, 'Śledziński', 'Kacper', 4.58, '2007-01-06', 'Karsznice', 7, 6, 1),
(242, 'Wieruszewski', 'Zofia', 4.82, '2007-01-02', 'Czechy', 7, 6, 1),
(243, 'Woźnicki', 'Leon', 1.89, '2007-04-12', 'Łask', 7, 3, 1),
(244, 'Zborowski', 'Jakub', 4.16, '2007-09-04', 'Dobroń', 7, 3, 1),
(245, 'Zbrożek', 'Michalina', 4.33, '2007-03-08', 'Łask', 7, 6, 1),
(246, 'Bekalarczyk', 'Marcin', 3.85, '2007-08-06', 'Łask', 8, 6, 2),
(247, 'Błaszczyk', 'Patrycja', 3.61, '2007-10-03', 'Zduńska Wola', 8, 2, 1),
(248, 'Bomba', 'Alicja', 4.53, '2007-12-17', 'Wojsławice', 8, 6, 1),
(249, 'Bukowski', 'Oskar', 3.87, '2007-11-13', 'Szadek', 8, 6, 2),
(250, 'Ciesielski', 'Aleksandra', 4.32, '2007-01-18', 'Wojsławice', 8, 4, 2),
(251, 'Darol', 'Mateusz', 2.38, '2007-03-28', 'Karsznice', 8, 2, 2),
(252, 'Duszyński', 'Konrad', 3.71, '2007-10-19', 'Szadek', 8, 1, 1),
(253, 'Furmańczyk', 'Oskar', 4.56, '2007-03-08', 'Wojsławice', 8, 5, 1),
(254, 'Góral', 'Franciszek', 3.86, '2007-06-12', 'Dobroń', 8, 2, 2),
(255, 'Grabiasz', 'Marcin', 4.28, '2007-03-31', 'Karsznice', 8, 6, 2),
(256, 'Grącki', 'Łukasz', 3.7, '2007-09-14', 'Wojsławice', 8, 2, 2),
(257, 'Gugulski', 'Bartosz', 4.22, '2007-11-04', 'Wojsławice', 8, 5, 2),
(258, 'Justyński', 'Piotr', 3.27, '2007-07-12', 'Karsznice', 8, 2, 1),
(259, 'Juszczak', 'Kordian', 3.41, '2007-01-03', 'Czechy', 8, 5, 2),
(260, 'Kowalski', 'Stanisław', 1.53, '2007-09-02', 'Zduńska Wola', 8, 5, 2),
(261, 'Kowalski', 'Nikodem', 5.66, '2007-09-28', 'Sieradz', 8, 6, 2),
(262, 'Kraszczyński', 'Sebastian', 5.93, '2007-06-10', 'Wojsławice', 8, 6, 1),
(263, 'Malinowski', 'Zuzanna', 2.77, '2007-02-25', 'Wojsławice', 8, 1, 1),
(264, 'Manios', 'Jakub', 1.36, '2007-09-16', 'Czechy', 8, 2, 1),
(265, 'Marcinkowski', 'Maciej', 5.93, '2007-08-26', 'Dobroń', 8, 6, 2),
(266, 'Merdała', 'Szymon', 4.48, '2007-11-01', 'Dobroń', 8, 4, 1),
(267, 'Owczarek', 'Jakub', 2.09, '2007-12-25', 'Wojsławice', 8, 3, 2),
(268, 'Pietrzykowski', 'Kacper', 2.36, '2007-01-13', 'Dobroń', 8, 5, 1),
(269, 'Pokora', 'Kamil', 3.58, '2007-07-25', 'Zduńska Wola', 8, 5, 1),
(270, 'Spętany', 'Szczepan', 5.02, '2007-02-13', 'Łask', 8, 3, 1),
(271, 'Szulc', 'Nicolas', 3.67, '2007-09-24', 'Dobroń', 8, 5, 1),
(272, 'Szymczak', 'Kamil', 1.37, '2007-09-12', 'Zduńska Wola', 8, 4, 1),
(273, 'Tomczyk', 'Jan', 2.92, '2007-04-29', 'Łask', 8, 1, 1),
(274, 'Urban', 'Jakub', 3.75, '2007-11-22', 'Zduńska Wola', 8, 6, 2),
(275, 'Walasik', 'Patryk', 4.95, '2007-02-24', 'Dobroń', 8, 6, 2),
(276, 'Wiśniewski', 'Szymon', 4.15, '2007-03-27', 'Szadek', 8, 6, 2),
(277, 'Bińkowska', 'Aleksandra', 4.74, '2007-05-23', 'Karsznice', 9, 5, 1),
(278, 'Chmielnicki', 'Wojciech', 3.13, '2007-09-15', 'Sieradz', 9, 5, 1),
(279, 'Domagała', 'Adrian', 1.84, '2007-08-08', 'Dobroń', 9, 1, 1),
(280, 'Dzierżawska', 'Adrian', 2.64, '2007-07-26', 'Sieradz', 9, 4, 1),
(281, 'Gruszczyński', 'Wojciech', 4.82, '2007-06-24', 'Wojsławice', 9, 5, 1),
(282, 'Kazimierczak', 'Oskar', 4.92, '2007-09-22', 'Dobroń', 9, 4, 2),
(283, 'Kmiecik', 'Piotr', 4.43, '2007-02-26', 'Dobroń', 9, 2, 1),
(284, 'Kopciuch', 'Mateusz', 5.77, '2007-02-27', 'Dobroń', 9, 4, 1),
(285, 'Milczarek', 'Mikołaj', 5.23, '2007-10-30', 'Wojsławice', 9, 1, 1),
(286, 'Młynek', 'Mateusz', 5.17, '2007-01-21', 'Zduńska Wola', 9, 1, 2),
(287, 'Nuszczyński', 'Aleksandra', 3.95, '2007-09-18', 'Sieradz', 9, 4, 2),
(288, 'Pabińczyk', 'Mikołaj', 1.92, '2007-06-21', 'Łask', 9, 3, 2),
(289, 'Pawlikowski', 'Ernest', 1.85, '2007-08-18', 'Zduńska Wola', 9, 6, 1),
(290, 'Pluta', 'Jakub', 5.02, '2007-04-02', 'Czechy', 9, 6, 1),
(291, 'Stępień', 'Jakub', 1.4, '2007-08-30', 'Zduńska Wola', 9, 4, 1),
(292, 'Witczak', 'Dawid', 3.41, '2007-04-11', 'Zduńska Wola', 9, 5, 1),
(293, 'Witczak', 'Aleksander', 1.84, '2007-01-25', 'Dobroń', 9, 4, 1),
(294, 'Wojtkowski', 'Franciszek', 5.24, '2007-01-02', 'Szadek', 9, 3, 2),
(295, 'Wypiór', 'Dawid', 3.3, '2007-02-11', 'Karsznice', 9, 1, 2),
(296, 'Zdzienicki', 'Marcin', 1.93, '2007-01-03', 'Karsznice', 9, 5, 1),
(297, 'Zwolinski', 'Sebastian', 3.35, '2007-02-24', 'Sieradz', 9, 6, 2),
(298, 'Atłas', 'Szymon', 4.27, '2007-06-12', 'Szadek', 10, 6, 2),
(299, 'Bakowicz', 'Jakub', 2.75, '2007-06-22', 'Dobroń', 10, 2, 2),
(300, 'Bednarek', 'Jan', 4.84, '2007-01-10', 'Zduńska Wola', 10, 3, 1),
(301, 'Bednarska', 'Antoni', 5.4, '2007-11-18', 'Sieradz', 10, 1, 1),
(302, 'Błaszczyk', 'Tomasz', 2.7, '2007-12-26', 'Dobroń', 10, 1, 1),
(303, 'Bruch', 'Wiktor', 3.81, '2007-01-09', 'Dobroń', 10, 6, 1),
(304, 'Fijałkowski', 'Mikołaj', 1.81, '2007-03-06', 'Czechy', 10, 2, 1),
(305, 'Galus', 'Krzysztof', 1.49, '2007-04-14', 'Czechy', 10, 5, 1),
(306, 'Gil', 'Jan', 2.51, '2007-11-02', 'Zduńska Wola', 10, 4, 2),
(307, 'Jakubowiak', 'Jan', 5.09, '2007-01-09', 'Dobroń', 10, 3, 1),
(308, 'Janiak', 'Rafał', 3.91, '2007-08-24', 'Dobroń', 10, 6, 2),
(309, 'Jaros', 'Jan', 5.68, '2007-04-26', 'Zduńska Wola', 10, 5, 2),
(310, 'Jędrysiak', 'Miłosz', 1.44, '2007-11-28', 'Karsznice', 10, 6, 1),
(311, 'Kelnerowski', 'Filip', 5.86, '2007-04-01', 'Czechy', 10, 4, 2),
(312, 'Klimaszewski', 'Antoni', 5.32, '2007-01-13', 'Łask', 10, 6, 1),
(313, 'Kłodnicki', 'Agata', 3.16, '2007-01-24', 'Dobroń', 10, 6, 1),
(314, 'Koniarczyk', 'Mateusz', 3.07, '2007-01-23', 'Łask', 10, 5, 1),
(315, 'Laskowska', 'Szymon', 4.16, '2007-09-01', 'Łask', 10, 1, 1),
(316, 'Lewandowski', 'Jakub', 3.25, '2007-01-03', 'Zduńska Wola', 10, 4, 2),
(317, 'Łanoszka', 'Wiktor', 3.21, '2007-08-25', 'Wojsławice', 10, 6, 1),
(318, 'Miłosz', 'Michał', 5.32, '2007-07-08', 'Szadek', 10, 2, 1),
(319, 'Murawa', 'Jan', 2.57, '2007-09-16', 'Wojsławice', 10, 4, 2),
(320, 'Owczarek', 'Igor', 1.94, '2007-07-17', 'Karsznice', 10, 2, 2),
(321, 'Podwysocki', 'Mateusz', 3.03, '2007-06-04', 'Szadek', 10, 2, 2),
(322, 'Przezdzięk', 'Mateusz', 5.41, '2007-08-22', 'Wojsławice', 10, 2, 1),
(323, 'Ratajczyk', 'Karol', 5.81, '2007-11-26', 'Dobroń', 10, 3, 1),
(324, 'Rawicki', 'Filip', 2.54, '2007-03-01', 'Karsznice', 10, 4, 1),
(325, 'Sobala', 'Jan', 5.14, '2007-07-06', 'Wojsławice', 10, 4, 1),
(326, 'Stańczyk', 'Jakub', 5.75, '2007-09-02', 'Wojsławice', 10, 6, 1),
(327, 'Szewczyk', 'Alan', 3.58, '2007-09-02', 'Sieradz', 10, 4, 1),
(328, 'Szymczak', 'Franciszek', 5.79, '2007-06-25', 'Czechy', 10, 1, 1),
(329, 'Szymczak', 'Maciej', 5.58, '2007-08-06', 'Zduńska Wola', 10, 2, 1),
(330, 'Urbaniak', 'Marcin', 5.97, '2007-05-21', 'Sieradz', 10, 6, 1),
(331, 'Wawrzyniak', 'Jan', 1.07, '2007-03-24', 'Wojsławice', 10, 4, 2),
(332, 'Zembrzuski', 'Adam', 4.1, '2007-12-06', 'Wojsławice', 10, 1, 2),
(333, 'Zieliński', 'Oskar', 3.56, '2007-02-12', 'Czechy', 10, 6, 2),
(334, 'Biernat', 'Maciej', 4.27, '2007-07-26', 'Dobroń', 11, 4, 1),
(335, 'Błaszczyński', 'Szymon', 5.52, '2007-12-20', 'Dobroń', 11, 5, 1),
(336, 'Bonikowski', 'Hubert', 3.92, '2007-01-07', 'Wojsławice', 11, 1, 1),
(337, 'Bujak', 'Hubert', 1.49, '2007-05-18', 'Dobroń', 11, 2, 2),
(338, 'Dąbrowa', 'Marcel', 2.54, '2007-12-05', 'Zduńska Wola', 11, 2, 2),
(339, 'Domagała', 'Antoni', 1.65, '2007-10-27', 'Łask', 11, 4, 1),
(340, 'Gawron', 'Oskar', 2.03, '2007-05-02', 'Dobroń', 11, 3, 1),
(341, 'Golis', 'Tomasz', 5.65, '2007-07-01', 'Zduńska Wola', 11, 2, 2),
(342, 'Górecki', 'Igor', 3.31, '2007-06-30', 'Łask', 11, 1, 1),
(343, 'Jabłoński', 'Wojciech', 4.53, '2007-08-26', 'Zduńska Wola', 11, 4, 1),
(344, 'Kabaciński', 'Oskar', 3.99, '2007-12-24', 'Dobroń', 11, 6, 1),
(345, 'Kacała', 'Jakub', 3.47, '2007-09-29', 'Szadek', 11, 2, 2),
(346, 'Kaniecki', 'Antoni', 1.89, '2007-01-20', 'Karsznice', 11, 4, 2),
(347, 'Kazek', 'Oliwier', 2.04, '2007-10-16', 'Sieradz', 11, 2, 2),
(348, 'Kaźmierczak', 'Kamil', 4.76, '2007-08-17', 'Dobroń', 11, 5, 2),
(349, 'Klimkowski', 'Adam', 3.64, '2007-01-21', 'Sieradz', 11, 4, 2),
(350, 'Knieć', 'Rafał', 1.94, '2007-02-16', 'Wojsławice', 11, 6, 1),
(351, 'Kowalczyk', 'Jan', 4.03, '2007-11-23', 'Dobroń', 11, 2, 2),
(352, 'Kowalski', 'Miłosz', 3.79, '2007-02-05', 'Dobroń', 11, 1, 2),
(353, 'Kowalski', 'Jakub', 3.99, '2007-08-25', 'Dobroń', 11, 2, 2),
(354, 'Krawczyński', 'Hubert', 4.47, '2007-11-01', 'Wojsławice', 11, 5, 2),
(355, 'Lapeta', 'Konrad', 4.52, '2007-12-02', 'Zduńska Wola', 11, 4, 2),
(356, 'Mudzo', 'Wiktor', 4.66, '2007-11-05', 'Sieradz', 11, 6, 2),
(357, 'Nogala', 'Maksymilian', 4.42, '2007-07-27', 'Łask', 11, 2, 2),
(358, 'Papuziński', 'Aleksandra', 5.46, '2007-12-01', 'Zduńska Wola', 11, 5, 1),
(359, 'Pawlak', 'Dominik', 2.44, '2007-09-07', 'Czechy', 11, 6, 2),
(360, 'Pietrzak', 'Izabela', 3.62, '2007-03-09', 'Zduńska Wola', 11, 6, 1),
(361, 'Przeor', 'Gracjan', 2.94, '2007-08-15', 'Zduńska Wola', 11, 5, 2),
(362, 'Rybak', 'Bartosz', 3.16, '2007-03-22', 'Dobroń', 11, 6, 2),
(363, 'Staniucha', 'Krzysztof', 4.59, '2007-01-09', 'Szadek', 11, 5, 1),
(364, 'Szatkowski', 'Martyna', 2.87, '2007-04-07', 'Karsznice', 11, 6, 2),
(365, 'Szewczyk', 'Michał', 4.11, '2007-02-22', 'Karsznice', 11, 4, 2),
(366, 'Walczak', 'Franciszek', 3.65, '2007-12-06', 'Sieradz', 11, 6, 1),
(367, 'Wiśniewski', 'Szymon', 4.93, '2007-11-12', 'Szadek', 11, 3, 2),
(368, 'Barabasz', 'Wiktor', 5.46, '2006-06-30', 'Dobroń', 12, 4, 2),
(369, 'Bednarek', 'Artur', 5.11, '2006-12-16', 'Zduńska Wola', 12, 2, 1),
(370, 'Bednarski -Żyła', 'Jakub', 5.81, '2006-10-03', 'Sieradz', 12, 2, 1),
(371, 'Bilant', 'Jakub', 3.21, '2006-03-01', 'Dobroń', 12, 3, 1),
(372, 'Brożek', 'Antoni', 2.7, '2006-04-14', 'Dobroń', 12, 4, 1),
(373, 'Donder', 'Piotr', 5.28, '2006-03-12', 'Czechy', 12, 5, 1),
(374, 'Duszyński', 'Kacper', 3.75, '2006-02-06', 'Czechy', 12, 4, 2),
(375, 'Dytrych', 'Tomasz', 5.92, '2006-10-28', 'Zduńska Wola', 12, 1, 2),
(376, 'Gładkiewicz', 'Krzysztof', 2.12, '2006-09-04', 'Dobroń', 12, 2, 1),
(377, 'Grzelak', 'Oskar', 2.03, '2006-02-17', 'Dobroń', 12, 4, 1),
(378, 'Grzelak', 'Mikołaj', 3.76, '2006-08-30', 'Zduńska Wola', 12, 5, 2),
(379, 'Hajszprych', 'Seweryn', 1.19, '2006-04-29', 'Karsznice', 12, 5, 1),
(380, 'Jabłoński', 'Jakub', 3.68, '2006-10-16', 'Czechy', 12, 2, 1),
(381, 'Jędrzejczyk', 'Andrii', 5.03, '2006-01-02', 'Łask', 12, 1, 1),
(382, 'Kaczmarek', 'Sebastian', 5.98, '2006-05-04', 'Dobroń', 12, 4, 2),
(383, 'Kardas', 'Wiktor', 1.93, '2006-07-11', 'Łask', 12, 4, 1),
(384, 'Kikowski', 'Maciej', 4.75, '2006-12-19', 'Łask', 12, 2, 1),
(385, 'Klimczak', 'Mikołaj', 3.34, '2006-11-07', 'Zduńska Wola', 12, 1, 1),
(386, 'Kmieć', 'Roland', 4.74, '2006-02-27', 'Wojsławice', 12, 6, 1),
(387, 'Knul', 'Wiktor', 4.7, '2006-04-25', 'Szadek', 12, 4, 1),
(388, 'Kowalczyk', 'Adam', 3.37, '2006-07-02', 'Wojsławice', 12, 3, 1),
(389, 'Kulesza', 'Kacper', 4.82, '2006-03-04', 'Karsznice', 12, 3, 2),
(390, 'Kułak', 'Hubert', 2.2, '2006-06-11', 'Szadek', 12, 4, 1),
(391, 'Makówka', 'Igor', 2.46, '2006-08-17', 'Wojsławice', 12, 2, 1),
(392, 'Marczak', 'Bartosz', 5.43, '2006-02-18', 'Dobroń', 12, 4, 1),
(393, 'Matusiak', 'Tymon', 2.65, '2006-05-17', 'Karsznice', 12, 2, 2),
(394, 'Niedźwiecki', 'Wiktor', 4.68, '2006-09-22', 'Wojsławice', 12, 6, 2),
(395, 'Olejnik', 'Wiktor', 5.97, '2006-03-19', 'Wojsławice', 12, 4, 2),
(396, 'Owczarz', 'Dawid', 1.92, '2006-05-21', 'Karsznice', 12, 3, 1),
(397, 'Pietrasiak', 'Szymon', 3.02, '2006-07-16', 'Czechy', 12, 2, 2),
(398, 'Przesmycka', 'Adrian', 4.59, '2006-04-11', 'Zduńska Wola', 12, 2, 2),
(399, 'Sobieraj', 'Marcel', 2.89, '2006-10-19', 'Sieradz', 12, 6, 2),
(400, 'Szewczyk', 'Sergiusz', 5.4, '2006-11-17', 'Wojsławice', 12, 6, 1),
(401, 'Świniarski', 'Kacper', 4.96, '2006-07-16', 'Wojsławice', 12, 6, 2),
(402, 'Tyszko', 'Oskar', 3.28, '2006-01-17', 'Czechy', 12, 1, 1),
(403, 'Wojtkowski', 'Jakub', 1.8, '2006-01-22', 'Dobroń', 12, 2, 2),
(404, 'Andrzejewski', 'Zuzanna', 3.09, '2006-03-19', 'Dobroń', 13, 3, 1),
(405, 'Bak', 'Hanna', 1.62, '2006-11-06', 'Wojsławice', 13, 3, 2),
(406, 'Bielewicz', 'Kacper', 3.43, '2006-09-23', 'Dobroń', 13, 6, 1),
(407, 'Chiniewicz', 'Maksymilian', 5.68, '2006-09-21', 'Zduńska Wola', 13, 1, 2),
(408, 'Domagalski', 'Krystian', 4.93, '2006-01-26', 'Łask', 13, 1, 1),
(409, 'Fryś', 'Mateusz', 5.06, '2006-08-06', 'Dobroń', 13, 4, 1),
(410, 'Holewicz', 'Bartosz', 1.44, '2006-11-09', 'Zduńska Wola', 13, 3, 2),
(411, 'Juszczak', 'Dawid', 2.6, '2006-10-21', 'Łask', 13, 3, 2),
(412, 'Krotowski', 'Patryk', 2.27, '2006-01-05', 'Zduńska Wola', 13, 6, 2),
(413, 'Kuleta', 'Dominik', 4.35, '2006-03-25', 'Dobroń', 13, 2, 2),
(414, 'Lider', 'Kamil', 4.62, '2006-07-20', 'Szadek', 13, 5, 2),
(415, 'Mędziak', 'Gabriel', 4.3, '2006-06-25', 'Karsznice', 13, 1, 1),
(416, 'Misiak', 'Hubert', 1.39, '2006-09-14', 'Sieradz', 13, 5, 1),
(417, 'Mocny', 'Marcel', 5.49, '2006-01-29', 'Dobroń', 13, 3, 1),
(418, 'Molenda', 'Szymon', 1.14, '2006-08-13', 'Sieradz', 13, 2, 1),
(419, 'Navrotskyi', 'Jakub', 5.92, '2006-05-21', 'Wojsławice', 13, 5, 2),
(420, 'Niewiadomski', 'Michał', 1.22, '2006-06-26', 'Dobroń', 13, 2, 1),
(421, 'Nowicki', 'Christian', 5.81, '2006-11-11', 'Dobroń', 13, 6, 2),
(422, 'Olbryś', 'Ernest', 4.53, '2006-04-09', 'Dobroń', 13, 3, 2),
(423, 'Pietrzyk', 'Antoni', 3.05, '2006-01-05', 'Wojsławice', 13, 3, 1),
(424, 'Pycek', 'Antoni', 1.37, '2006-09-01', 'Zduńska Wola', 13, 1, 1),
(425, 'Ratajczyk', 'Kacper', 1.6, '2006-06-29', 'Sieradz', 13, 6, 1),
(426, 'Raźniewski', 'Leon', 1.39, '2006-08-23', 'Łask', 13, 1, 1),
(427, 'Siercha', 'Jakub', 5.27, '2006-07-05', 'Zduńska Wola', 13, 6, 1),
(428, 'Skalski', 'Olgierd', 2.03, '2006-08-09', 'Czechy', 13, 6, 2),
(429, 'Sobala', 'Bartosz', 1.15, '2006-12-24', 'Zduńska Wola', 13, 2, 2),
(430, 'Staniewski', 'Emil', 3.23, '2006-07-07', 'Zduńska Wola', 13, 3, 1),
(431, 'Uryszek', 'Julian', 3.33, '2006-08-03', 'Dobroń', 13, 3, 1),
(432, 'Włodarczyk', 'Michał', 5.68, '2006-02-16', 'Szadek', 13, 1, 2),
(433, 'Bogdanowicz', 'Michał', 4.61, '2006-07-23', 'Karsznice', 14, 1, 1),
(434, 'Bujnowicz', 'Marcel', 4.78, '2006-07-23', 'Karsznice', 14, 3, 1),
(435, 'Chuderski', 'Bartłomiej', 2.01, '2006-08-18', 'Sieradz', 14, 6, 2),
(436, 'Ciapciński', 'Mikołaj', 2.07, '2006-12-02', 'Szadek', 14, 6, 1),
(437, 'Ciepłucha', 'Krzysztof', 2.11, '2006-08-19', 'Dobroń', 14, 3, 2),
(438, 'Domagalski', 'Maciej', 5.36, '2006-11-14', 'Zduńska Wola', 14, 3, 2),
(439, 'Gołąb', 'Mateusz', 2.58, '2006-09-12', 'Sieradz', 14, 3, 1),
(440, 'Grohman', 'Jakub', 1.06, '2006-05-12', 'Dobroń', 14, 1, 2),
(441, 'Ignaczak', 'Dawid', 4.98, '2006-12-04', 'Dobroń', 14, 4, 2),
(442, 'Kluska', 'Alan', 1.74, '2006-07-18', 'Czechy', 14, 6, 2),
(443, 'Krysiak', 'Stanisław', 2.48, '2006-01-31', 'Czechy', 14, 3, 2),
(444, 'Langner', 'Miłosz', 3.47, '2006-04-03', 'Zduńska Wola', 14, 2, 2),
(445, 'Łyczkowski', 'Maksym', 1.51, '2006-12-07', 'Dobroń', 14, 3, 1),
(446, 'Marcinkowski', 'Bartosz', 4.19, '2006-12-15', 'Dobroń', 14, 2, 1),
(447, 'Olszacki', 'Marcel', 4.88, '2006-02-05', 'Zduńska Wola', 14, 5, 1),
(448, 'Osiński', 'Mateusz', 5.75, '2006-07-12', 'Karsznice', 14, 5, 1),
(449, 'Pawlak', 'Norbert', 4.43, '2006-04-21', 'Czechy', 14, 3, 2),
(450, 'Pędzik', 'Szymon', 1.88, '2006-02-01', 'Łask', 14, 3, 2),
(451, 'Piszczek', 'Adam', 3.1, '2006-11-04', 'Dobroń', 14, 3, 1),
(452, 'Płachta', 'Martin', 1.77, '2006-09-16', 'Łask', 14, 1, 1),
(453, 'Siekierski', 'Kamil', 5.37, '2006-04-06', 'Łask', 14, 3, 1),
(454, 'Skotowski', 'Paulina', 3.66, '2006-01-30', 'Zduńska Wola', 14, 4, 2),
(455, 'Skotowski', 'Ryszard', 2.85, '2006-10-12', 'Wojsławice', 14, 4, 1),
(456, 'Szewczyk', 'Szymon', 1.22, '2006-01-02', 'Szadek', 14, 5, 2),
(457, 'Sztendel', 'Witold', 2.93, '2006-02-04', 'Wojsławice', 14, 6, 2),
(458, 'Świtlak', 'Piotr', 3.4, '2006-08-29', 'Karsznice', 14, 1, 1),
(459, 'Vincent', 'Jakub', 1.25, '2006-01-11', 'Szadek', 14, 6, 1),
(460, 'Witczak', 'Bartłomiej', 3.09, '2006-06-01', 'Wojsławice', 14, 5, 1),
(461, 'Wojtkiewicz', 'Sebastian', 1.5, '2006-05-12', 'Dobroń', 14, 6, 2),
(462, 'Żulik', 'Zuzanna', 1.42, '2006-08-31', 'Karsznice', 14, 1, 1),
(463, 'Borowiecki', 'Wiktor', 4.77, '2006-06-04', 'Wojsławice', 15, 3, 1),
(464, 'Ciepłuch', 'Michał', 3.89, '2006-04-24', 'Wojsławice', 15, 4, 1),
(465, 'Drzazga', 'Nikola', 5.7, '2006-05-06', 'Karsznice', 15, 4, 1),
(466, 'Ejsmont', 'Bartosz', 5.86, '2006-05-29', 'Czechy', 15, 2, 1),
(467, 'Grzejdziak', 'Kacper', 2.39, '2006-05-18', 'Zduńska Wola', 15, 4, 1),
(468, 'Jankowski', 'Jakub', 2.13, '2006-05-10', 'Sieradz', 15, 2, 1),
(469, 'Jarzyński', 'Wiktor', 2.1, '2006-09-30', 'Wojsławice', 15, 5, 2),
(470, 'Kazek', 'Sebastian', 2.32, '2006-08-27', 'Wojsławice', 15, 3, 2),
(471, 'Kazimierczak', 'Antoni', 5.52, '2006-02-20', 'Czechy', 15, 1, 2),
(472, 'Kluszczyński', 'Jakub', 2.58, '2006-09-04', 'Dobroń', 15, 1, 2),
(473, 'Kowalczyk', 'Mateusz', 5.5, '2006-12-31', 'Dobroń', 15, 2, 2),
(474, 'Krata', 'Mateusz', 5.62, '2006-05-08', 'Wojsławice', 15, 2, 1),
(475, 'Krawiec', 'Bartosz', 3.17, '2006-02-20', 'Dobroń', 15, 3, 1),
(476, 'Królikowski', 'Gracjan', 2.31, '2006-04-21', 'Zduńska Wola', 15, 6, 2),
(477, 'Kwarciak', 'Hubert', 2.84, '2006-06-28', 'Łask', 15, 2, 2),
(478, 'Łuczak', 'Antoni', 5.01, '2006-01-29', 'Dobroń', 15, 3, 1),
(479, 'Nowakowski', 'Dawid', 3.04, '2006-02-12', 'Zduńska Wola', 15, 4, 2),
(480, 'Piekarski', 'Dawid', 2.05, '2006-04-03', 'Łask', 15, 2, 1),
(481, 'Prusisz', 'Łukasz', 5.85, '2006-09-24', 'Zduńska Wola', 15, 5, 2),
(482, 'Przybylski', 'Bartosz', 4.18, '2006-09-26', 'Dobroń', 15, 1, 1),
(483, 'Skowroński', 'Bartłomiej', 1.25, '2006-07-16', 'Szadek', 15, 6, 2),
(484, 'Sowała', 'Wiktor', 3.65, '2006-07-17', 'Karsznice', 15, 3, 2),
(485, 'Strzelczyk', 'Katarzyna', 5.65, '2006-11-08', 'Sieradz', 15, 2, 2),
(486, 'Szczeciński', 'Dawid', 2.58, '2006-01-15', 'Dobroń', 15, 2, 2),
(487, 'Szulc', 'Szymon', 3.41, '2006-03-11', 'Sieradz', 15, 2, 2),
(488, 'Zalewski', 'Martyna', 3.44, '2006-05-24', 'Wojsławice', 15, 2, 2),
(489, 'Badziak', 'Michał', 4.19, '2006-08-31', 'Dobroń', 16, 4, 1),
(490, 'Bilant', 'Jan', 3.21, '2006-02-26', 'Dobroń', 16, 5, 1),
(491, 'Ciesielski', 'Adam', 1.12, '2006-05-17', 'Dobroń', 16, 2, 2),
(492, 'Flanek', 'Oskar', 4.26, '2006-06-03', 'Wojsławice', 16, 4, 1),
(493, 'Gawron', 'Kamil', 3.48, '2006-01-02', 'Zduńska Wola', 16, 6, 2),
(494, 'Górka', 'Jakub', 1.04, '2006-02-26', 'Sieradz', 16, 2, 1),
(495, 'Janeczek', 'Kacper', 2.8, '2006-08-01', 'Łask', 16, 1, 1),
(496, 'Jurek', 'Jakub', 2.71, '2006-06-15', 'Zduńska Wola', 16, 6, 2),
(497, 'Kaźmierska', 'Vadym', 4.43, '2006-10-06', 'Czechy', 16, 6, 1),
(498, 'Kolasa', 'Oskar', 5.88, '2006-07-22', 'Zduńska Wola', 16, 1, 2),
(499, 'Koper', 'Szymon', 3.31, '2006-11-22', 'Zduńska Wola', 16, 5, 2),
(500, 'Królak', 'Bartosz', 5.67, '2006-11-12', 'Dobroń', 16, 3, 1),
(501, 'Lewandowski', 'Wiktor', 5.83, '2006-06-01', 'Szadek', 16, 5, 1),
(502, 'Ochman', 'Filip', 4.4, '2006-03-02', 'Karsznice', 16, 4, 2),
(503, 'Olejnik', 'Jakub', 4.93, '2006-07-31', 'Karsznice', 16, 6, 1),
(504, 'Orynycz', 'Tomasz', 2.48, '2006-10-08', 'Sieradz', 16, 1, 2),
(505, 'Pietrasiak', 'Mateusz', 4.99, '2006-02-14', 'Szadek', 16, 1, 1),
(506, 'Rychliński', 'Adam', 4.81, '2006-03-20', 'Dobroń', 16, 4, 2),
(507, 'Sagan', 'Hubert', 2.09, '2006-04-25', 'Zduńska Wola', 16, 5, 2),
(508, 'Słaby', 'Jakub', 4.45, '2006-12-19', 'Sieradz', 16, 6, 2),
(509, 'Socha', 'Bartłomiej', 4.25, '2006-11-02', 'Dobroń', 16, 1, 2),
(510, 'Stępniewski', 'Mateusz', 4.4, '2006-10-29', 'Dobroń', 16, 6, 2),
(511, 'Ślipek', 'Wiktor', 3.63, '2006-05-03', 'Czechy', 16, 5, 1),
(512, 'Śnieg', 'Adrian', 5.36, '2006-01-06', 'Czechy', 16, 4, 1),
(513, 'Trojanowski', 'Szymon', 3.8, '2006-01-03', 'Zduńska Wola', 16, 5, 2),
(514, 'Wojciechowski', 'Kamil', 3.57, '2006-09-01', 'Dobroń', 16, 2, 1),
(515, 'Wojdyński', 'Oskar', 3.76, '2006-07-26', 'Dobroń', 16, 3, 2),
(516, 'Balecki', 'Bartosz', 3.92, '2005-02-10', 'Zduńska Wola', 17, 3, 2),
(517, 'Banaszczyk', 'Bartosz', 2.6, '2005-08-17', 'Karsznice', 17, 4, 1),
(518, 'Bednarski', 'Marcel', 5.87, '2005-09-25', 'Czechy', 17, 6, 2),
(519, 'Bryl', 'Franciszek', 3.78, '2005-10-08', 'Łask', 17, 4, 2),
(520, 'Cierpikowski', 'Rafał', 5.81, '2005-10-21', 'Dobroń', 17, 1, 1),
(521, 'Ignasiak', 'Nikodem', 2.15, '2005-07-26', 'Łask', 17, 4, 1),
(522, 'Janiszewska', 'Szymon', 4.06, '2005-07-31', 'Łask', 17, 1, 1),
(523, 'Jarych', 'Jakub', 4.25, '2005-04-25', 'Zduńska Wola', 17, 5, 1),
(524, 'Jaworski', 'Adam', 2.25, '2005-09-14', 'Wojsławice', 17, 4, 2),
(525, 'Juszczak', 'Kacper', 1.11, '2005-08-04', 'Szadek', 17, 6, 2),
(526, 'Kaczmarek', 'Michał', 2.95, '2005-03-09', 'Wojsławice', 17, 1, 2),
(527, 'Kanicki', 'Jakub', 1.99, '2005-03-21', 'Karsznice', 17, 6, 2),
(528, 'Karwacki', 'Patryk', 2.54, '2005-09-10', 'Szadek', 17, 4, 1),
(529, 'Kaźmierczak', 'Jakub', 4.85, '2005-01-24', 'Wojsławice', 17, 1, 1),
(530, 'Keler', 'Kacper', 2.24, '2005-01-23', 'Dobroń', 17, 6, 1),
(531, 'Klimczak', 'Jakub', 4.34, '2005-05-29', 'Karsznice', 17, 2, 2),
(532, 'Kogut', 'Mikołaj', 1.73, '2005-03-14', 'Wojsławice', 17, 5, 2),
(533, 'Kosecki', 'Michał', 1.36, '2005-10-01', 'Wojsławice', 17, 4, 1),
(534, 'Kosuń', 'Mikołaj', 1.89, '2005-06-10', 'Karsznice', 17, 1, 1),
(535, 'Leśny', 'Igor', 2.44, '2005-05-19', 'Czechy', 17, 6, 2),
(536, 'Majtczak', 'Jan', 5.84, '2005-05-21', 'Zduńska Wola', 17, 3, 2),
(537, 'Małek', 'Fabian', 1.76, '2005-12-27', 'Sieradz', 17, 3, 2),
(538, 'Mes', 'Norbert', 2.33, '2005-05-05', 'Wojsławice', 17, 5, 1),
(539, 'Niewiadomski', 'Wiktor', 2.01, '2005-04-23', 'Wojsławice', 17, 1, 2),
(540, 'Piekutowski', 'Jakub', 5.96, '2005-04-17', 'Czechy', 17, 3, 1),
(541, 'Pietrzak', 'Albert', 2.84, '2005-09-09', 'Dobroń', 17, 4, 2),
(542, 'Staniucha', 'Łukasz', 3.32, '2005-12-06', 'Dobroń', 17, 4, 1),
(543, 'Swędzikiewicz', 'Mikołaj', 1.3, '2005-10-25', 'Wojsławice', 17, 1, 2),
(544, 'Sychlak', 'Wiktoria', 5.02, '2005-06-20', 'Dobroń', 17, 1, 1),
(545, 'Szewczyk', 'Kamil', 3.9, '2005-01-09', 'Zduńska Wola', 17, 6, 1),
(546, 'Szrejter', 'Zuzanna', 3.93, '2005-05-23', 'Łask', 17, 6, 2),
(547, 'Tłokiński', 'Kacper', 2.01, '2005-08-17', 'Dobroń', 17, 4, 1),
(548, 'Witczak', 'Natalia', 1.73, '2005-10-04', 'Zduńska Wola', 17, 5, 1),
(549, 'Wolny', 'Mateusz', 1.03, '2005-02-28', 'Łask', 17, 5, 2),
(550, 'Wolski', 'Jakub', 3.89, '2005-12-29', 'Zduńska Wola', 17, 4, 2),
(551, 'Aleksandrowicz', 'Sandra', 3.06, '2005-02-05', 'Dobroń', 18, 2, 1),
(552, 'Feliga', 'Mikołaj', 5.91, '2005-05-12', 'Szadek', 18, 5, 1),
(553, 'Gonera', 'Herman', 2.61, '2005-03-04', 'Karsznice', 18, 4, 2),
(554, 'Guz', 'Amelia', 3.89, '2005-08-21', 'Sieradz', 18, 4, 2),
(555, 'Jaksa', 'Maciej', 2.36, '2005-07-01', 'Dobroń', 18, 4, 1),
(556, 'Jakubczak', 'Artur', 1.99, '2005-03-29', 'Sieradz', 18, 3, 1),
(557, 'Jama', 'Bożena', 1.67, '2005-03-11', 'Wojsławice', 18, 5, 1),
(558, 'Janiak', 'Jan', 5.71, '2005-03-10', 'Dobroń', 18, 1, 2),
(559, 'Jasek', 'Maksymilian', 1.09, '2005-11-06', 'Dobroń', 18, 1, 1),
(560, 'Jędrysiak', 'Artur', 2.02, '2005-03-06', 'Dobroń', 18, 3, 2),
(561, 'Kot', 'Jakub', 5.89, '2005-04-26', 'Wojsławice', 18, 6, 1),
(562, 'Kowalewski', 'Amadeusz', 4.99, '2005-01-10', 'Zduńska Wola', 18, 3, 2),
(563, 'Kozłowski', 'Adam', 4.5, '2005-11-27', 'Sieradz', 18, 4, 2),
(564, 'Krawczyk', 'Mateusz', 1.52, '2005-07-22', 'Łask', 18, 5, 2),
(565, 'Kubik', 'Mikołaj', 3.77, '2005-11-10', 'Zduńska Wola', 18, 3, 1),
(566, 'Kuśmierek', 'Szymon', 2.2, '2005-06-27', 'Czechy', 18, 2, 1),
(567, 'Matusiak', 'Kacper', 3.4, '2005-05-04', 'Zduńska Wola', 18, 5, 1),
(568, 'Mikołajczyk', 'Maksymilian', 3.11, '2005-04-03', 'Zduńska Wola', 18, 3, 2),
(569, 'Mirowski', 'Kamil', 2.27, '2005-03-31', 'Dobroń', 18, 3, 1),
(570, 'Ośródek', 'Marcin', 2.14, '2005-11-14', 'Szadek', 18, 1, 1),
(571, 'Pakuła', 'Oliwier', 2.77, '2005-09-22', 'Karsznice', 18, 1, 2),
(572, 'Pierzakowski', 'Mateusz', 2.15, '2005-10-26', 'Karsznice', 18, 6, 2),
(573, 'Piszczała', 'Jakub', 3.7, '2005-12-30', 'Sieradz', 18, 6, 1),
(574, 'Pyrzyński', 'Wiktor', 3.06, '2005-12-25', 'Szadek', 18, 1, 2),
(575, 'Ratajczyk', 'Alaniia', 1.55, '2005-08-12', 'Dobroń', 18, 2, 2),
(576, 'Skurpel', 'Patryk', 5.88, '2005-02-05', 'Zduńska Wola', 18, 5, 1),
(577, 'Stępień', 'Marcin', 2.6, '2005-07-30', 'Sieradz', 18, 1, 2),
(578, 'Szczeciński', 'Mateusz', 2.55, '2005-11-02', 'Dobroń', 18, 6, 1),
(579, 'Szewczyk', 'Igor', 2.72, '2005-10-28', 'Dobroń', 18, 6, 2),
(580, 'Waszak', 'Adam', 4.86, '2005-01-10', 'Czechy', 18, 2, 2),
(581, 'Wysmyk', 'Łukasz', 2.18, '2005-08-27', 'Czechy', 18, 4, 1),
(582, 'Ziółkowski', 'Szymon', 1.34, '2005-07-18', 'Zduńska Wola', 18, 1, 1),
(583, 'Adamiak', 'Marcel', 3.41, '2005-01-09', 'Dobroń', 19, 5, 2),
(584, 'Bołądź', 'Jakub', 2.85, '2005-07-10', 'Dobroń', 19, 1, 2),
(585, 'Borkiewicz', 'Patryk', 5.93, '2005-04-10', 'Zduńska Wola', 19, 6, 1),
(586, 'Dalecki', 'Dawid', 2.39, '2005-05-14', 'Karsznice', 19, 2, 2),
(587, 'Galert', 'Dawid', 4.95, '2005-08-05', 'Czechy', 19, 2, 2),
(588, 'Gil', 'Krystian', 3.66, '2005-01-30', 'Łask', 19, 2, 2),
(589, 'Grabarczyk', 'Oliwier', 3.38, '2005-10-14', 'Dobroń', 19, 1, 2),
(590, 'Jaworski', 'Jakub', 5.56, '2005-08-01', 'Łask', 19, 3, 1),
(591, 'John', 'Leon', 2.09, '2005-03-05', 'Łask', 19, 6, 1),
(592, 'Kowalski', 'Artur', 2.21, '2005-02-24', 'Zduńska Wola', 19, 4, 2),
(593, 'Krata', 'Karol', 1.49, '2005-04-02', 'Wojsławice', 19, 6, 1),
(594, 'Łochowski', 'Jan', 5.08, '2005-05-10', 'Szadek', 19, 2, 1),
(595, 'Łuczak', 'Oliwier', 1.68, '2005-01-06', 'Wojsławice', 19, 1, 2),
(596, 'Michalak', 'Łukasz', 3.16, '2005-01-05', 'Karsznice', 19, 6, 2),
(597, 'Michalik', 'Ludwik', 4.22, '2005-08-15', 'Szadek', 19, 6, 2),
(598, 'Michalski', 'Aleksander', 2.24, '2005-06-13', 'Wojsławice', 19, 4, 1),
(599, 'Nita', 'Franciszek', 4.36, '2005-05-05', 'Dobroń', 19, 4, 1),
(600, 'Owczarek', 'Jan', 2.05, '2005-05-20', 'Karsznice', 19, 1, 1),
(601, 'Pawłowski', 'Wiktor', 4.7, '2005-09-04', 'Wojsławice', 19, 6, 2),
(602, 'Potrykus', 'Nikolas', 1.86, '2005-01-08', 'Wojsławice', 19, 4, 2),
(603, 'Rachwalak', 'Iwo', 3.62, '2005-07-11', 'Karsznice', 19, 1, 2),
(604, 'Skrzypek', 'Marcel', 3.64, '2005-07-09', 'Czechy', 19, 1, 1),
(605, 'Stasiak', 'Julian', 2, '2005-09-08', 'Zduńska Wola', 19, 3, 2),
(606, 'Staszewski', 'Bartłomiej', 5.98, '2005-05-18', 'Sieradz', 19, 4, 2),
(607, 'Tomaszczyk', 'Filip', 5.92, '2005-12-07', 'Wojsławice', 19, 2, 2),
(608, 'Tomczyk', 'Dominik', 2.17, '2005-02-28', 'Wojsławice', 19, 2, 1),
(609, 'Wachowicz', 'Konrad', 2.47, '2005-12-26', 'Czechy', 19, 3, 2),
(610, 'Walczak', 'Dawid', 2.76, '2005-06-02', 'Dobroń', 19, 3, 2),
(611, 'Wyszomierska', 'Wojciech', 5.51, '2005-05-01', 'Dobroń', 19, 4, 1),
(612, 'Zawierucha', 'Waldemar', 4.11, '2005-10-22', 'Wojsławice', 19, 1, 2),
(613, 'Blaźniak', 'Tomasz', 1.7, '2004-02-27', 'Dobroń', 20, 1, 1),
(614, 'Borowiecki', 'Wojciech', 1.6, '2004-02-07', 'Zduńska Wola', 20, 4, 1),
(615, 'Bulzacki', 'Justyna', 1.51, '2004-10-04', 'Łask', 20, 3, 2),
(616, 'Domagała', 'Jan', 2.46, '2004-09-02', 'Dobroń', 20, 6, 2),
(617, 'Dzieciątkowski', 'Jarosław', 1.48, '2004-06-27', 'Zduńska Wola', 20, 3, 2),
(618, 'Frant', 'Kajetan', 1.08, '2004-11-29', 'Łask', 20, 4, 1),
(619, 'Frącala', 'Szymon', 3.26, '2004-09-04', 'Zduńska Wola', 20, 4, 1),
(620, 'Gąsiorowski', 'Krzysztof', 1.18, '2004-03-23', 'Dobroń', 20, 3, 2),
(621, 'Gońda', 'Wojciech', 2.31, '2004-02-09', 'Szadek', 20, 3, 2),
(622, 'Ignaczak', 'Kacper', 4.9, '2004-01-08', 'Karsznice', 20, 2, 1),
(623, 'Jaksa', 'Bartosz', 2.82, '2004-04-08', 'Sieradz', 20, 4, 2),
(624, 'Janowski', 'Lea', 1.86, '2004-09-20', 'Dobroń', 20, 1, 1),
(625, 'Kapiczyński', 'Ksawery', 2.96, '2004-09-30', 'Sieradz', 20, 2, 1),
(626, 'Kawczyński', 'Kamil', 1.13, '2004-10-19', 'Wojsławice', 20, 1, 2),
(627, 'Kusiak', 'Kacper', 3.48, '2004-03-13', 'Dobroń', 20, 2, 2),
(628, 'Lisowski', 'Piotr', 3.36, '2004-03-24', 'Dobroń', 20, 6, 2),
(629, 'Matusiak', 'Marcel', 3.12, '2004-06-26', 'Dobroń', 20, 5, 2),
(630, 'Michalak', 'Marcin', 4.06, '2004-10-11', 'Wojsławice', 20, 6, 2),
(631, 'Mielczarek', 'Wiktoria', 1.01, '2004-06-04', 'Zduńska Wola', 20, 6, 2),
(632, 'Mrówka', 'Michał', 1.79, '2004-02-16', 'Sieradz', 20, 2, 1),
(633, 'Otrębski', 'Kacper', 2.58, '2004-10-13', 'Łask', 20, 3, 2),
(634, 'Rusin', 'Kacper', 3.67, '2004-04-28', 'Zduńska Wola', 20, 3, 1),
(635, 'Rychlicki', 'Kamil', 2.58, '2004-06-10', 'Czechy', 20, 2, 2),
(636, 'Skrobiranda', 'Bartłomiej', 3.75, '2004-01-05', 'Zduńska Wola', 20, 4, 1),
(637, 'Szadkowski', 'Marcel', 5.39, '2004-01-09', 'Zduńska Wola', 20, 1, 1),
(638, 'Świniarska', 'Filip', 3.97, '2004-01-09', 'Dobroń', 20, 4, 2),
(639, 'Tokarski', 'Piotr', 3.87, '2004-10-13', 'Szadek', 20, 3, 1),
(640, 'Urban', 'Bartosz', 1.58, '2004-07-22', 'Karsznice', 20, 4, 1),
(641, 'Węgrzynek', 'Jakub', 4.62, '2004-12-20', 'Karsznice', 20, 2, 1),
(642, 'Zając', 'Piotr', 1.91, '2004-10-07', 'Sieradz', 20, 2, 1),
(643, 'Zarzycki', 'Jakub', 4.67, '2004-01-24', 'Szadek', 20, 6, 2),
(644, 'Bak', 'Łukasz', 3.69, '2004-08-06', 'Dobroń', 21, 3, 1),
(645, 'Browarna', 'Maksymilian', 1.02, '2004-12-25', 'Zduńska Wola', 21, 1, 1),
(646, 'Ciebiada', 'Patrycja', 2.26, '2004-08-22', 'Sieradz', 21, 6, 2),
(647, 'Derbich', 'Paweł', 4.13, '2004-12-16', 'Dobroń', 21, 6, 1),
(648, 'Frącala', 'Krystian', 5.04, '2004-09-16', 'Dobroń', 21, 1, 1),
(649, 'Gorządek', 'Kacper', 1.97, '2004-01-16', 'Czechy', 21, 5, 2),
(650, 'Jędrzejczyk', 'Dominik', 2.42, '2004-10-18', 'Czechy', 21, 5, 1),
(651, 'Kaczmarek', 'Nicole', 3.45, '2004-08-29', 'Zduńska Wola', 21, 5, 1),
(652, 'Kałuda', 'Mateusz', 4.58, '2004-09-14', 'Dobroń', 21, 6, 2),
(653, 'Kamiński', 'Zuzanna', 1.58, '2004-02-21', 'Dobroń', 21, 3, 2),
(654, 'Kikowski', 'Adrian', 3.6, '2004-04-26', 'Zduńska Wola', 21, 6, 1),
(655, 'Konieczny', 'Małgorzata', 4.82, '2004-07-04', 'Karsznice', 21, 3, 2),
(656, 'Korcewicz', 'Adam', 5.83, '2004-07-16', 'Czechy', 21, 5, 2),
(657, 'Kosmowski', 'Konrad', 5.82, '2004-01-31', 'Łask', 21, 4, 2),
(658, 'Krakowiak', 'Gracjan', 4.06, '2004-12-24', 'Dobroń', 21, 6, 2),
(659, 'Lewandowski', 'Mateusz', 1.55, '2004-07-16', 'Łask', 21, 6, 2),
(660, 'Majkowski', 'Michał', 1.18, '2004-01-24', 'Łask', 21, 4, 2),
(661, 'Malinowski', 'Dominik', 1.98, '2004-04-04', 'Zduńska Wola', 21, 3, 2),
(662, 'Miłosz', 'Wiktor', 4.01, '2004-07-07', 'Wojsławice', 21, 1, 2),
(663, 'Musalewski', 'Michał', 1.44, '2004-06-23', 'Szadek', 21, 1, 1),
(664, 'Pakosz', 'Tymoteusz', 1.97, '2004-08-21', 'Wojsławice', 21, 1, 1),
(665, 'Piechol', 'Jan', 5.11, '2004-04-25', 'Karsznice', 21, 6, 2),
(666, 'Piechowicz', 'Oliwier', 1.41, '2004-08-31', 'Szadek', 21, 3, 2),
(667, 'Piotrowski', 'Michał', 5.37, '2004-08-09', 'Wojsławice', 21, 4, 2),
(668, 'Rękorajski', 'Jakub', 5.48, '2004-08-14', 'Dobroń', 21, 6, 2),
(669, 'Smolarek', 'Adam', 1.9, '2004-09-22', 'Karsznice', 21, 5, 1),
(670, 'Sowiński', 'Filip', 3, '2004-05-02', 'Wojsławice', 21, 1, 2),
(671, 'Stos', 'Wiktor', 4.98, '2004-08-31', 'Wojsławice', 21, 5, 1),
(672, 'Szelecki', 'Piotr', 4.9, '2004-05-21', 'Karsznice', 21, 6, 2),
(673, 'Urbaniak', 'Karol', 3.75, '2004-08-15', 'Czechy', 21, 4, 1),
(674, 'Zemła', 'Filip', 2.05, '2004-11-20', 'Zduńska Wola', 21, 5, 2),
(675, 'Zwolińska', 'Szymon', 5.17, '2004-04-29', 'Sieradz', 21, 5, 2),
(676, 'Aleksandrowicz', 'Kacper', 5.65, '2004-07-03', 'Wojsławice', 22, 4, 1),
(677, 'Brzenczek', 'Marcel', 1.06, '2004-11-21', 'Wojsławice', 22, 2, 1),
(678, 'Dominiak', 'Jakub', 3.73, '2004-05-01', 'Czechy', 22, 6, 1),
(679, 'Felczerek', 'Maciej', 4.89, '2004-11-11', 'Dobroń', 22, 3, 1),
(680, 'Garbarczyk', 'Konrad', 2.82, '2004-11-03', 'Dobroń', 22, 3, 2),
(681, 'Gołębowska', 'Julia', 3.43, '2004-04-08', 'Wojsławice', 22, 6, 1),
(682, 'Janczak', 'Feliks', 1.33, '2004-05-26', 'Dobroń', 22, 3, 2),
(683, 'Jonczyk', 'Bartosz', 1.35, '2004-03-16', 'Zduńska Wola', 22, 6, 2),
(684, 'Kamieniak', 'Aleksandra', 5.8, '2004-08-09', 'Łask', 22, 2, 2),
(685, 'Kardecki', 'Konrad', 1.35, '2004-06-11', 'Dobroń', 22, 3, 2),
(686, 'Kazek', 'Dawid', 5.2, '2004-04-15', 'Zduńska Wola', 22, 2, 2),
(687, 'Kowalczyk', 'Filip', 2.16, '2004-02-08', 'Łask', 22, 2, 2),
(688, 'Kozubek', 'Oskar', 1.64, '2004-11-15', 'Zduńska Wola', 22, 3, 1),
(689, 'Kulawiak', 'Marcel', 4.97, '2004-03-11', 'Dobroń', 22, 4, 2),
(690, 'Kurzawa', 'Ryszard', 1.99, '2004-07-01', 'Szadek', 22, 5, 1),
(691, 'Marczak', 'Filip', 4.02, '2004-01-08', 'Karsznice', 22, 2, 1),
(692, 'Mikulski', 'Wojciech', 1.49, '2004-08-10', 'Sieradz', 22, 6, 2),
(693, 'Musialski', 'Beniamin', 4.38, '2004-08-30', 'Dobroń', 22, 6, 2),
(694, 'Olbiński', 'Stanisław', 4.27, '2004-09-07', 'Sieradz', 22, 6, 1),
(695, 'Pakuła', 'Oskar', 4.81, '2004-05-14', 'Wojsławice', 22, 2, 2),
(696, 'Pastusiak', 'Mateusz', 1.11, '2004-08-21', 'Dobroń', 22, 1, 1),
(697, 'Rychlik', 'Jakub', 4.86, '2004-01-22', 'Dobroń', 22, 3, 1),
(698, 'Sawczuk', 'Tymoteusz', 2.73, '2004-08-02', 'Dobroń', 22, 5, 1),
(699, 'Skorupa', 'Łukasz', 4.11, '2004-10-15', 'Wojsławice', 22, 1, 1),
(700, 'Świniarski', 'Alan', 4.38, '2004-06-29', 'Zduńska Wola', 22, 6, 2),
(701, 'Tarka', 'Stanisław', 1.82, '2004-11-16', 'Sieradz', 22, 2, 1),
(702, 'Trzcianowski', 'Piotr', 4.47, '2004-02-01', 'Łask', 22, 3, 1),
(703, 'Woliński', 'Jan', 4.11, '2004-03-21', 'Zduńska Wola', 22, 3, 1),
(704, 'Zamachowski', 'Maksymilian', 2.93, '2004-03-06', 'Czechy', 22, 4, 2),
(705, 'Zaremba', 'Norbert', 5.41, '2004-07-10', 'Zduńska Wola', 22, 6, 1),
(706, 'Domański', 'Patryk', 3.29, '2004-01-28', 'Zduńska Wola', 23, 1, 1),
(707, 'Gałka', 'Jakub', 2.63, '2004-04-10', 'Dobroń', 23, 5, 2),
(708, 'Gawron', 'Violeta', 3.16, '2004-12-30', 'Szadek', 23, 4, 1),
(709, 'Grzanka', 'Marcin', 1.61, '2004-12-09', 'Karsznice', 23, 4, 1),
(710, 'Jabłoński', 'Filip', 2.98, '2004-01-05', 'Karsznice', 23, 2, 2),
(711, 'Jerczyński', 'Igor', 4.85, '2004-01-07', 'Sieradz', 23, 2, 2),
(712, 'Jeżak', 'Wiktor', 4.23, '2004-08-07', 'Szadek', 23, 5, 2),
(713, 'Kosek', 'Antoni', 3.15, '2004-05-25', 'Dobroń', 23, 2, 1),
(714, 'Krata', 'Nicholas', 2.78, '2004-04-27', 'Zduńska Wola', 23, 2, 2),
(715, 'Kubiak', 'Krzysztof', 5.06, '2004-12-01', 'Sieradz', 23, 1, 2),
(716, 'Marciniak', 'Błażej', 5.63, '2004-08-17', 'Dobroń', 23, 5, 1),
(717, 'Newill', 'Antoni', 2.12, '2004-02-03', 'Dobroń', 23, 2, 1),
(718, 'Nowak', 'Mateusz', 4.96, '2004-07-12', 'Czechy', 23, 5, 1),
(719, 'Piontek', 'Filip', 1.68, '2004-02-14', 'Czechy', 23, 5, 2),
(720, 'Pyrek', 'Igor', 5.24, '2004-01-29', 'Zduńska Wola', 23, 1, 2),
(721, 'Raszewski', 'Jakub', 4.99, '2004-10-09', 'Dobroń', 23, 6, 1),
(722, 'Ratajczyk', 'Kacper', 4.55, '2004-10-21', 'Dobroń', 23, 1, 1),
(723, 'Rosołowski', 'Artur', 3.13, '2004-05-27', 'Zduńska Wola', 23, 3, 1),
(724, 'Szewczyk', 'Oliwier', 3.56, '2004-04-29', 'Karsznice', 23, 5, 1),
(725, 'Szmyt', 'Adam', 3.73, '2004-06-30', 'Czechy', 23, 3, 2),
(726, 'Wawrzyniak', 'Wiktor', 5.43, '2004-06-07', 'Łask', 23, 6, 1),
(727, 'Witczak', 'Jakub', 3.23, '2004-01-05', 'Dobroń', 23, 2, 2),
(728, 'Wojcieszak', 'Krzysztof', 4.22, '2004-02-15', 'Łask', 23, 6, 2); 

INSERT Kwalifikacje (Id_kw, Kod, Nazwa) VALUES 
(1, 'INF.03', 'Tworzenie i administrowanie stronami i aplikacjami internetowymi oraz bazami danych'),
(2, 'INF.04', 'Projektowanie, programowanie i testowanie aplikacji'),
(3, 'INF.02', 'Administracja i eksploatacja systemów komputerowych, urządzeń peryferyjnych i lokalnych sieci komputerowych'),
(4, 'ELM.01', 'Montaż, uruchamianie i obsługiwanie układów automatyki przemysłowej'),
(5, 'ELM.04', 'Eksploatacja układów automatyki przemysłowe'),
(6, 'ELM.02', 'Montaż oraz instalowanie układów i urządzeń elektronicznych'),
(7, 'ELM.05', 'Eksploatacja urządzeń elektronicznych'),
(8, 'PGF.04', 'Przygotowywanie oraz wykonywanie prac graficznych i publikacji cyfrowych'),
(9, 'PGF.05', 'Drukowanie cyfrowe i obróbka druków'),
(10, 'OG', 'Przedmioty ogólnokształcące');

 INSERT Przedmioty (Id_p, Nazwa, Id_kw) VALUES
 (1, 'Język polski', 10),
 (2, 'Język angielski', 10),
 (3, 'Język niemiecki', 10),
 (4, 'Plastyka', 10),
 (5, 'Historia', 10),
 (6, 'Historia i Teraźniejszość', 10),
 (7, 'Biznes i zarządzanie', 10),
 (8, 'Geografia', 10),
 (9, 'Biologia', 10),
 (10, 'Fizyka', 10),
 (11, 'Matematyka', 10),
 (12, 'Informatyka', 10),
 (13, 'Wychowanie fizyczne', 10),
 (14, 'Edukacja dla bezpieczeństwa', 10),
 (15, 'Zajęcia z wychowawcą', 10),
 (16, 'Język angielski zawodowy', 10),
 (17, 'Bezpieczenstwo i higiena pracy', 10),
 (18, 'Podstawy informatyki w programowaniu', 1),
 (19, 'Programowanie aplikacji desktopowych', 2),
 (20, 'Programowanie aplikacji mobilnych', 2),
 (21, 'Programowanie zaawansywanych aplikacji webowych', 2),
 (22, 'Systemy baz danych', 1),
 (23, 'Kompetencje społeczne i organizacja pracy zespołów', 10),
 (24, 'Witryny internetowe', 1),
 (25, 'Pracownia podstaw programowania', 2),
 (26, 'Pracowania programowania aplikacji desktopowych', 2),
 (27, 'Pracowania programowania aplikacji mobilnych', 2),
 (28, 'P. programowania zaawansowanych aplikacji webowych', 2),
 (29, 'Pracownia systemów baz danych', 1),
 (30, 'Pracownia programowania aplikacji internetowych', 1),
 (31, 'Zarządzanie projektami informatycznymi', 2),
 (32, 'Pracownia testowania i dokumentowania aplikacji', 2),
 (33, 'Matematyka dla wszystkich', 10),
 (34, 'Religia/etyka', 10),
 (35, 'systemy operacyjne', 3),
 (36, 'tworzenie stron internetowych', 1),
 (37, 'sieciowe systemy operacyjne', 3),
 (38, 'aplikacje internetowe', 1),
 (39, 'pracownia konfiguracji urządzeń sieciowych', 3),
 (40, 'pracownia sieci komputerowych', 3),
 (41, 'diagnostyka i naprawa sprzętu komputerowego', 3),
 (42, 'pracownia urządzeń techniki komputerowej', 3),
 (43, 'elektrotechnika', 6),
 (44, 'podstawy elektroniki', 6),
 (45, 'pomiary elektryczne i elektroniczne', 6),
 (46, 'montaż i demontaż układów i urządzeń el.', 6),
 (47, 'wykonywanie instalacji i montaż urządzeń el.', 7),
 (48, 'użytkowanie urządzeń elektronicznych', 7),
 (49, 'pomiary sygnałów i parametrów elektronicznych', 7),
 (50, 'konserwacja i naprawa instalacji oraz urządzeń el.', 7),
 (51, 'rysunek techniczny wspomagany komputerowo', 6),
 (52, 'elektrotechnika i elektronika w automatyce', 4),
 (53, 'podstawy automatyki', 4),
 (54, 'pomiary elektryczne i elektroniczne w automatyce', 4),
 (55, 'rys. techniczny wsp. komputerowo dla automatyków', 4),
 (56, 'montaż układów automatyki przemysłowej', 4),
 (57, 'uruch. i obsługa układów automatyki przemysłowej', 4),
 (58, 'przeglądy i konserwacja uk. automatyki przem.', 5),
 (59, 'diagnostyka i naprawa układów automatyki przem.', 5),
 (60, 'Podstawy poligrafii', 8),
 (61, 'Przygotowanie materiałów graficznych ', 8),
 (62, 'Projektowanie prac graficznych i publikacji', 8),
 (63, 'P. przygotowania prac graf. do druk. i publikacji', 8),
 (64, 'Pracownia druku cyfrowego', 9),
 (65, 'P. planowania i kontroli produkcji poligraficznej ', 9),
 (66, 'Pracownia druku 3D', 9),
 (67, 'Podstawy przedsiębiorczości', 10),
 (68, 'Wiedza o społeczeństwie', 10),
 (69, 'Świat fizyki', 10),
 (70, 'Fizyka teoretyczna', 10),
 (71, 'Bazy danych', 1);


INSERT INTO nauczanie (Id_p, Id_n, Id_k) VALUES 
(67, 1, 12), (67, 1, 16), (67, 1, 15), (67, 1, 14), (13, 2, 12), (13, 2, 13), (13, 2, 19), (15, 2, 13), (13, 2, 23), (13, 2, 18), (13, 2, 3), (13, 2, 17), (13, 2, 5), (13, 2, 16), (70, 3, 23), (69, 3, 21),
(70, 3, 23), (10, 3, 9), (10, 3, 15), (70, 3, 17), (10, 3, 13), (70, 3, 20), (69, 3, 22), (10, 3, 14), (10, 3, 8), (10, 3, 19), (10, 3, 6), (10, 3, 12), (10, 3, 16), (10, 3, 10), (10, 3, 7), (15, 3, 14),
(9, 5, 8), (9, 5, 9), (9, 5, 7), (25, 6, 1), (30, 6, 10), (19, 6, 11), (30, 6, 11), (25, 6, 2), (19, 6, 10), (30, 6, 12), (19, 6, 10), (29, 7, 12), (22, 7, 10), (22, 7, 2), (22, 7, 11), (29, 7, 13), (22, 7, 1),
(71, 7, 17), (15, 7, 22), (13, 8, 8), (13, 8, 22), (13, 8, 21), (15, 8, 8), (13, 8, 5), (13, 8, 12), (13, 8, 18), (13, 8, 20), (13, 8, 7), (13, 8, 15), (13, 8, 17), (13, 8, 16), (13, 8, 8), (16, 9, 4), (2, 9, 13),
(16, 9, 13), (2, 9, 22), (2, 9, 7), (2, 9, 8), (16, 9, 7), (15, 9, 7), (2, 9, 22), (16, 9, 19), (2, 9, 15), (2, 9, 12), (16, 9, 12), (43, 11, 4), (46, 11, 4), (63, 12, 9), (61, 12, 4), (62, 12, 9), (61, 12, 9),
(60, 12, 4), (62, 12, 4), (39, 13, 16), (39, 13, 14), (47, 14, 11), (69, 14, 5), (47, 14, 15), (47, 14, 17), (55, 14, 3), (69, 14, 4), (51, 14, 4), (46, 14, 11), (69, 14, 3), (1, 15, 9), (1, 15, 19), (1, 15, 8),
(1, 15, 14), (1, 15, 3), (1, 15, 18), (1, 15, 13), (1, 15, 22), (1, 15, 15), (15, 15, 9), (13, 16, 1), (13, 16, 6), (13, 16, 13), (13, 16, 10), (13, 16, 14), (13, 16, 11), (13, 16, 21), (13, 16, 8), (13, 16, 20),
(12, 18, 12), (19, 18, 19), (12, 18, 14), (12, 18, 13), (30, 18, 13), (12, 18, 15), (22, 18, 1), (12, 18, 6), (12, 18, 7), (12, 18, 11), (12, 18, 8), (12, 18, 16), (12, 18, 10), (22, 18, 18), (1, 19, 7),
(1, 19, 4), (1, 19, 5), (2, 20, 5), (16, 20, 10), (16, 20, 15), (2, 20, 20), (16, 20, 9), (2, 20, 8), (2, 20, 2), (2, 20, 23), (2, 20, 17), (15, 20, 10), (16, 20, 17), (2, 20, 11), (2, 20, 10), (38, 21, 17),
(38, 21, 18), (26, 21, 10), (30, 21, 12), (26, 21, 11), (26, 21, 13), (2, 22, 5), (2, 22, 17), (2, 22, 20), (16, 22, 15), (2, 22, 3), (2, 22, 14), (16, 22, 17), (2, 22, 15), (16, 22, 18), (15, 22, 11), (2, 22, 16),
(2, 22, 6), (16, 22, 6), (2, 22, 11), (42, 23, 7), (42, 23, 5), (11, 24, 15), (11, 24, 13), (11, 24, 1), (11, 24, 12), (11, 24, 16), (11, 24, 2), (11, 24, 14), (11, 24, 10), (28, 25, 12), (27, 25, 19), (28, 25, 19),
(21, 25, 19),
(20, 25, 12),
(20, 25, 13),
(26, 25, 19),
(24, 26, 10),
(24, 26, 11),
(24, 26, 2),
(36, 26, 18),
(24, 26, 1),
(36, 26, 17),
(57, 27, 8),
(57, 27, 14),
(56, 27, 14),
(56, 27, 8),
(23, 28, 1),
(23, 28, 2),
(23, 28, 4),
(23, 28, 5),
(41, 29, 6),
(41, 29, 14),
(41, 29, 7),
(12, 29, 14),
(41, 29, 16),
(12, 29, 6),
(41, 29, 12),
(12, 29, 16),
(12, 29, 15),
(12, 29, 8),
(12, 29, 13),
(42, 29, 7),
(42, 29, 6),
(12, 29, 10),
(12, 29, 7),
(12, 29, 11),
(12, 29, 9),
(3, 30, 4),
(3, 30, 13),
(3, 30, 5),
(3, 30, 11),
(3, 30, 14),
(3, 30, 15),
(3, 30, 16),
(3, 30, 1),
(3, 30, 8),
(3, 30, 17),
(3, 30, 23),
(3, 30, 19),
(15, 30, 21),
(13, 32, 4),
(13, 32, 7),
(13, 32, 19),
(13, 32, 11),
(13, 32, 2),
(13, 32, 14),
(13, 32, 22),
(13, 32, 4),
(13, 32, 6),
(13, 32, 9),
(40, 33, 6),
(40, 33, 16),
(40, 33, 7),
(12, 33, 2),
(12, 33, 4),
(12, 33, 5),
(12, 33, 1),
(15, 33, 21),
(12, 33, 3),
(37, 34, 6),
(37, 34, 7),
(37, 34, 16),
(18, 34, 2),
(37, 34, 14),
(18, 34, 1),
(52, 35, 3),
(52, 35, 3),
(54, 35, 3),
(54, 35, 3),
(54, 35, 3),
(15, 35, 3),
(52, 35, 3),
(52, 35, 3),
(45, 35, 11),
(45, 35, 11),
(45, 35, 11),
(54, 35, 3),
(54, 35, 3),
(54, 35, 3),
(44, 35, 11),
(44, 35, 11),
(44, 35, 4),
(44, 35, 4),
(11, 36, 23),
(11, 36, 23),
(11, 36, 21),
(11, 36, 21),
(11, 36, 17),
(11, 36, 19),
(11, 36, 19),
(11, 36, 4),
(11, 36, 4),
(11, 36, 4),
(11, 36, 23),
(11, 36, 17),
(11, 36, 17),
(15, 36, 17),
(11, 36, 23),
(11, 36, 21),
(11, 36, 7),
(11, 36, 20),
(11, 36, 19),
(11, 36, 4),
(11, 36, 4),
(11, 36, 20),
(11, 36, 20),
(11, 36, 21),
(11, 36, 21),
(11, 36, 20),
(11, 36, 20),
(11, 36, 7),
(11, 36, 7),
(11, 36, 17),
(11, 36, 23),
(11, 36, 19),
(11, 36, 4),
(14, 59, 2),
(15, 59, 5),
(14, 59, 5),
(14, 59, 4),
(14, 59, 3),
(14, 59, 1),
(8, 57, 2),
(68, 57, 22),
(8, 57, 12),
(8, 57, 4),
(8, 57, 5),
(68, 57, 20),
(67, 57, 8),
(68, 57, 17),
(8, 57, 1),
(8, 57, 6),
(8, 57, 13),
(68, 57, 18),
(8, 57, 4),
(67, 57, 10),
(8, 57, 5),
(8, 57, 11),
(8, 57, 3),
(8, 57, 2),
(67, 57, 11),
(67, 57, 7),
(8, 57, 15),
(8, 57, 1),
(67, 57, 9),
(8, 57, 7),
(8, 57, 8),
(68, 57, 21),
(68, 57, 19),
(2, 56, 19),
(2, 56, 19),
(2, 56, 23),
(2, 56, 23),
(2, 56, 13),
(16, 56, 14),
(2, 56, 23),
(2, 56, 19),
(2, 56, 7),
(2, 56, 13),
(2, 56, 19),
(16, 56, 7),
(2, 56, 7),
(2, 56, 4),
(2, 56, 4),
(16, 56, 16),
(15, 56, 12),
(2, 56, 1),
(2, 56, 1),
(1, 54, 20),
(1, 54, 17),
(1, 54, 10),
(1, 54, 1),
(1, 54, 1),
(1, 54, 10),
(1, 54, 12),
(1, 54, 23),
(1, 54, 20),
(1, 54, 20),
(1, 54, 6),
(1, 54, 6),
(1, 54, 6),
(1, 54, 23),
(1, 54, 23),
(1, 54, 10),
(1, 54, 17),
(1, 54, 17),
(1, 54, 1),
(1, 54, 16),
(1, 54, 20),
(15, 54, 16),
(1, 54, 23),
(1, 54, 16),
(1, 54, 16),
(1, 54, 12),
(1, 54, 12),
(5, 53, 1),
(5, 53, 6),
(5, 53, 3),
(5, 53, 11),
(5, 53, 4),
(5, 53, 1),
(5, 53, 4),
(5, 53, 6),
(5, 53, 11),
(5, 53, 3),
(3, 52, 1),
(3, 52, 13),
(15, 52, 20),
(3, 52, 14),
(3, 52, 20),
(3, 52, 14),
(3, 52, 7),
(3, 52, 12),
(3, 52, 13),
(3, 52, 2),
(3, 52, 5),
(3, 52, 19),
(3, 52, 1),
(3, 52, 22),
(3, 52, 3),
(3, 52, 3),
(3, 52, 6),
(3, 52, 10),
(3, 52, 10),
(3, 52, 6),
(3, 52, 7),
(3, 52, 12),
(3, 52, 18),
(3, 52, 2),
(3, 52, 5),
(6, 51, 5),
(7, 51, 20),
(7, 51, 2),
(7, 51, 16),
(7, 51, 12),
(7, 51, 8),
(7, 51, 7),
(7, 51, 17),
(6, 51, 10),
(7, 51, 22),
(6, 51, 8),
(7, 51, 9),
(7, 51, 10),
(7, 51, 5),
(7, 51, 2),
(7, 51, 15),
(7, 51, 14),
(6, 51, 11),
(7, 51, 5),
(7, 51, 10),
(7, 51, 13),
(6, 51, 9),
(6, 51, 2),
(7, 51, 23),
(7, 51, 7),
(6, 51, 6),
(7, 51, 9),
(6, 51, 3),
(7, 51, 13),
(7, 51, 8),
(7, 51, 16),
(7, 51, 18),
(7, 51, 12),
(6, 51, 7),
(6, 51, 1),
(7, 51, 21),
(7, 51, 14),
(7, 51, 19),
(6, 51, 4),
(7, 51, 15),
(48, 50, 15),
(48, 50, 15),
(48, 50, 15),
(53, 50, 14),
(53, 50, 14),
(53, 50, 14),
(53, 50, 8),
(49, 50, 17),
(49, 50, 17),
(49, 50, 17),
(48, 50, 15),
(48, 50, 15),
(48, 50, 15),
(49, 50, 17),
(49, 50, 17),
(49, 50, 17),
(44, 50, 15),
(53, 50, 8),
(50, 50, 17),
(50, 50, 17),
(50, 50, 17),
(50, 50, 17),
(52, 50, 8),
(52, 50, 8),
(52, 50, 8),
(50, 50, 17),
(50, 50, 17),
(50, 50, 17),
(50, 50, 17),
(44, 50, 15),
(44, 50, 15),
(53, 50, 3),
(53, 50, 3),
(3, 49, 17),
(3, 49, 7),
(3, 49, 6),
(3, 49, 15),
(3, 49, 12),
(3, 49, 8),
(3, 49, 7),
(3, 49, 2),
(3, 49, 18),
(3, 49, 23),
(3, 49, 9),
(3, 49, 16),
(15, 49, 23),
(3, 49, 6),
(3, 49, 3),
(3, 49, 21),
(3, 49, 9),
(3, 49, 11),
(3, 49, 15),
(3, 49, 4),
(3, 49, 4),
(3, 49, 16),
(3, 49, 3),
(3, 49, 2),
(3, 49, 12),
(3, 49, 11),
(3, 49, 8),
(11, 48, 3),
(11, 48, 5),
(11, 48, 22),
(11, 48, 22),
(11, 48, 9),
(11, 48, 9),
(11, 48, 6),
(11, 48, 6),
(11, 48, 11),
(11, 48, 11),
(11, 48, 11),
(11, 48, 5),
(11, 48, 3),
(11, 48, 3),
(11, 48, 8),
(11, 48, 8),
(11, 48, 18),
(11, 48, 3),
(11, 48, 22),
(11, 48, 6),
(11, 48, 18),
(11, 48, 18),
(11, 48, 18),
(11, 48, 22),
(11, 48, 22),
(11, 48, 9),
(11, 48, 8),
(11, 48, 5),
(11, 48, 5),
(1, 47, 11),
(1, 47, 21),
(1, 47, 21),
(1, 47, 2),
(1, 47, 2),
(1, 47, 2),
(1, 47, 11),
(1, 47, 11),
(1, 47, 21),
(1, 47, 21),
(13, 46, 1),
(17, 47, 17),
(17, 47, 15),
(17, 47, 2),
(13, 46, 3),
(13, 46, 3),
(13, 46, 10),
(13, 46, 2),
(13, 46, 2),
(13, 46, 1),
(13, 46, 4),
(13, 46, 4),
(17, 46, 5),
(17, 46, 2),
(13, 46, 10),
(13, 46, 10),
(13, 46, 1),
(17, 46, 5),
(13, 46, 3),
(17, 46, 1),
(17, 46, 1),
(17, 46, 4),
(13, 46, 4),
(35, 43, 5),
(35, 43, 5),
(12, 43, 1),
(71, 43, 18),
(71, 43, 18),
(35, 43, 5),
(35, 43, 5),
(28, 43, 13),
(28, 43, 13),
(12, 43, 4),
(71, 43, 18),
(71, 43, 18),
(28, 43, 13),
(28, 43, 13),
(12, 43, 2),
(35, 43, 5),
(35, 43, 5),
(28, 43, 12),
(28, 43, 12),
(35, 43, 5),
(35, 43, 5),
(12, 43, 5),
(12, 43, 3),
(16, 44, 16),
(2, 44, 16),
(2, 44, 18),
(2, 44, 21),
(2, 44, 21),
(2, 44, 14),
(2, 44, 2),
(2, 44, 19),
(16, 44, 18),
(2, 44, 21),
(16, 44, 11),
(2, 44, 19),
(2, 44, 19),
(2, 44, 14),
(2, 44, 2),
(2, 44, 16),
(15, 44, 2),
(2, 44, 3),
(2, 44, 3),
(2, 44, 18),
(16, 39, 10),
(2, 39, 22),
(2, 39, 14),
(2, 39, 6),
(2, 39, 22),
(2, 39, 14),
(2, 39, 6),
(16, 39, 6),
(2, 39, 22),
(15, 39, 18),
(2, 39, 9),
(2, 39, 1),
(2, 39, 10),
(2, 39, 18),
(2, 39, 22),
(2, 39, 10),
(2, 39, 22),
(2, 39, 1),
(2, 39, 12),
(2, 39, 12),
(2, 39, 18),
(2, 39, 9),
(2, 39, 22),
(9, 38, 4),
(9, 38, 3),
(9, 38, 6),
(9, 38, 5),
(9, 38, 11),
(9, 38, 5),
(9, 38, 3),
(15, 38, 15),
(9, 38, 1),
(9, 38, 6),
(9, 38, 10),
(9, 38, 10),
(9, 38, 4),
(9, 38, 1),
(9, 38, 2),
(9, 38, 2),
(9, 38, 11),
(34, 37, 8),
(34, 37, 11),
(34, 37, 7),
(34, 37, 4),
(34, 37, 3),
(34, 37, 20),
(34, 37, 21),
(34, 37, 20),
(34, 37, 21),
(34, 37, 1),
(34, 37, 1),
(34, 37, 16),
(34, 37, 14),
(34, 37, 15),
(34, 37, 16),
(34, 37, 14),
(34, 37, 15),
(34, 37, 20),
(34, 37, 21),
(34, 37, 7),
(34, 37, 11),
(34, 37, 10),
(34, 37, 6),
(34, 37, 3),
(34, 37, 5),
(34, 37, 10),
(34, 37, 2),
(34, 37, 2),
(34, 37, 5),
(34, 37, 20),
(34, 37, 21),
(34, 37, 8),
(34, 37, 4),
(34, 37, 6),
(34, 37, 9),
(34, 37, 6),
(34, 37, 9);


